Last updated on 2025-02-16 08:51:03 CET.
Flavor | Version | Tinstall | Tcheck | Ttotal | Status | Flags |
---|---|---|---|---|---|---|
r-devel-linux-x86_64-debian-clang | 3.0.5 | 70.64 | 347.77 | 418.41 | NOTE | |
r-devel-linux-x86_64-debian-gcc | 3.0.5 | 48.22 | 265.20 | 313.42 | NOTE | |
r-devel-linux-x86_64-fedora-clang | 3.0.5 | 692.45 | NOTE | |||
r-devel-linux-x86_64-fedora-gcc | 3.0.5 | 743.62 | NOTE | |||
r-devel-macos-arm64 | 3.0.5 | 223.00 | NOTE | |||
r-devel-macos-x86_64 | 3.0.5 | 540.00 | NOTE | |||
r-devel-windows-x86_64 | 3.0.5 | 74.00 | 396.00 | 470.00 | NOTE | |
r-patched-linux-x86_64 | 3.0.5 | 68.51 | 327.69 | 396.20 | NOTE | |
r-release-linux-x86_64 | 3.0.5 | 66.75 | 327.48 | 394.23 | NOTE | |
r-release-macos-arm64 | 3.0.5 | 193.00 | NOTE | |||
r-release-macos-x86_64 | 3.0.5 | 302.00 | NOTE | |||
r-release-windows-x86_64 | 3.0.5 | 71.00 | 394.00 | 465.00 | NOTE | |
r-oldrel-macos-arm64 | 3.0.5 | 229.00 | NOTE | |||
r-oldrel-macos-x86_64 | 3.0.5 | 363.00 | NOTE | |||
r-oldrel-windows-x86_64 | 3.0.5 | 87.00 | 453.00 | 540.00 | NOTE |
Version: 3.0.5
Check: C++ specification
Result: NOTE
Specified C++11: please drop specification unless essential
Flavors: r-devel-linux-x86_64-debian-clang, r-devel-linux-x86_64-debian-gcc, r-devel-linux-x86_64-fedora-clang, r-devel-linux-x86_64-fedora-gcc, r-devel-macos-arm64, r-devel-macos-x86_64, r-devel-windows-x86_64, r-patched-linux-x86_64, r-release-linux-x86_64, r-release-macos-arm64, r-release-macos-x86_64, r-release-windows-x86_64, r-oldrel-macos-arm64, r-oldrel-macos-x86_64, r-oldrel-windows-x86_64
Version: 3.0.5
Check: installed package size
Result: NOTE
installed size is 5.1Mb
sub-directories of 1Mb or more:
libs 3.2Mb
Flavors: r-release-macos-arm64, r-release-macos-x86_64, r-oldrel-macos-arm64, r-oldrel-macos-x86_64
These binaries (installable software) and packages are in development.
They may not be fully stable and should be used with caution. We make no claims about them.