CRAN Package Check Results for Package textmineR

Last updated on 2025-07-22 19:52:03 CEST.

Flavor Version Tinstall Tcheck Ttotal Status Flags
r-devel-linux-x86_64-debian-clang 3.0.5 68.90 350.42 419.32 NOTE
r-devel-linux-x86_64-debian-gcc 3.0.5 49.47 262.28 311.75 NOTE
r-devel-linux-x86_64-fedora-clang 3.0.5 689.35 NOTE
r-devel-linux-x86_64-fedora-gcc 3.0.5 725.03 NOTE
r-devel-windows-x86_64 3.0.5 76.00 406.00 482.00 NOTE
r-patched-linux-x86_64 3.0.5 72.77 330.17 402.94 NOTE
r-release-linux-x86_64 3.0.5 70.91 330.87 401.78 NOTE
r-release-macos-arm64 3.0.5 409.00 NOTE
r-release-macos-x86_64 3.0.5 573.00 NOTE
r-release-windows-x86_64 3.0.5 78.00 392.00 470.00 NOTE
r-oldrel-macos-arm64 3.0.5 193.00 NOTE
r-oldrel-macos-x86_64 3.0.5 302.00 NOTE
r-oldrel-windows-x86_64 3.0.5 94.00 515.00 609.00 NOTE

Check Details

Version: 3.0.5
Check: C++ specification
Result: NOTE Specified C++11: please drop specification unless essential Flavors: r-devel-linux-x86_64-debian-clang, r-devel-linux-x86_64-debian-gcc, r-devel-linux-x86_64-fedora-clang, r-devel-linux-x86_64-fedora-gcc, r-devel-windows-x86_64, r-patched-linux-x86_64, r-release-linux-x86_64, r-release-macos-arm64, r-release-macos-x86_64, r-release-windows-x86_64, r-oldrel-macos-arm64, r-oldrel-macos-x86_64, r-oldrel-windows-x86_64

Version: 3.0.5
Check: installed package size
Result: NOTE installed size is 5.1Mb sub-directories of 1Mb or more: libs 3.2Mb Flavors: r-oldrel-macos-arm64, r-oldrel-macos-x86_64

These binaries (installable software) and packages are in development.
They may not be fully stable and should be used with caution. We make no claims about them.