CRAN Package Check Results for Package textmineR

Last updated on 2025-05-01 08:52:48 CEST.

Flavor Version Tinstall Tcheck Ttotal Status Flags
r-devel-linux-x86_64-debian-clang 3.0.5 72.32 346.15 418.47 NOTE
r-devel-linux-x86_64-debian-gcc 3.0.5 46.08 263.01 309.09 NOTE
r-devel-linux-x86_64-fedora-clang 3.0.5 718.95 NOTE
r-devel-linux-x86_64-fedora-gcc 3.0.5 733.36 NOTE
r-devel-windows-x86_64 3.0.5 78.00 412.00 490.00 NOTE
r-patched-linux-x86_64 3.0.5 69.76 327.49 397.25 NOTE
r-release-linux-x86_64 NOTE
r-release-macos-arm64 3.0.5 409.00 NOTE
r-release-macos-x86_64 3.0.5 573.00 NOTE
r-release-windows-x86_64 3.0.5 80.00 421.00 501.00 NOTE
r-oldrel-macos-arm64 3.0.5 193.00 NOTE
r-oldrel-macos-x86_64 3.0.5 302.00 NOTE
r-oldrel-windows-x86_64 3.0.5 87.00 525.00 612.00 NOTE

Check Details

Version: 3.0.5
Check: C++ specification
Result: NOTE Specified C++11: please drop specification unless essential Flavors: r-devel-linux-x86_64-debian-clang, r-devel-linux-x86_64-debian-gcc, r-devel-linux-x86_64-fedora-clang, r-devel-linux-x86_64-fedora-gcc, r-devel-windows-x86_64, r-patched-linux-x86_64, r-release-linux-x86_64, r-release-macos-arm64, r-release-macos-x86_64, r-release-windows-x86_64, r-oldrel-macos-arm64, r-oldrel-macos-x86_64, r-oldrel-windows-x86_64

Version: 3.0.5
Check: examples
Result: NOTE Examples with CPU (user + system) or elapsed time > 5s user system elapsed FitLdaModel 4.513 0.055 5.373 Flavor: r-devel-linux-x86_64-debian-clang

Version: 3.0.5
Check: installed package size
Result: NOTE installed size is 5.1Mb sub-directories of 1Mb or more: libs 3.2Mb Flavors: r-oldrel-macos-arm64, r-oldrel-macos-x86_64

These binaries (installable software) and packages are in development.
They may not be fully stable and should be used with caution. We make no claims about them.