Last updated on 2025-05-01 15:49:47 CEST.
Flavor | Version | Tinstall | Tcheck | Ttotal | Status | Flags |
---|---|---|---|---|---|---|
r-devel-linux-x86_64-debian-clang | 0.8.0 | 1.52 | 18.70 | 20.22 | NOTE | |
r-devel-linux-x86_64-debian-gcc | 0.8.0 | 1.46 | 16.18 | 17.64 | NOTE | |
r-devel-linux-x86_64-fedora-clang | 0.8.0 | 31.24 | NOTE | |||
r-devel-linux-x86_64-fedora-gcc | 0.8.0 | 28.70 | NOTE | |||
r-devel-windows-x86_64 | 0.8.0 | 3.00 | 43.00 | 46.00 | NOTE | |
r-patched-linux-x86_64 | 0.8.0 | 1.73 | 17.03 | 18.76 | NOTE | |
r-release-linux-x86_64 | NOTE | |||||
r-release-macos-arm64 | 0.8.0 | 17.00 | NOTE | |||
r-release-macos-x86_64 | 0.8.0 | 24.00 | NOTE | |||
r-release-windows-x86_64 | 0.8.0 | 4.00 | 45.00 | 49.00 | NOTE | |
r-oldrel-macos-arm64 | 0.8.0 | 16.00 | OK | |||
r-oldrel-macos-x86_64 | 0.8.0 | 21.00 | OK | |||
r-oldrel-windows-x86_64 | 0.8.0 | 4.00 | 43.00 | 47.00 | OK |
Version: 0.8.0
Check: DESCRIPTION meta-information
Result: NOTE
Missing dependency on R >= 4.2.0 because package code uses the pipe
placeholder syntax added in R 4.2.0.
File(s) using such syntax:
‘textra.R’
Flavors: r-devel-linux-x86_64-debian-clang, r-devel-linux-x86_64-debian-gcc, r-devel-linux-x86_64-fedora-clang, r-devel-linux-x86_64-fedora-gcc, r-devel-windows-x86_64, r-patched-linux-x86_64, r-release-linux-x86_64, r-release-macos-arm64, r-release-macos-x86_64, r-release-windows-x86_64
These binaries (installable software) and packages are in development.
They may not be fully stable and should be used with caution. We make no claims about them.