Last updated on 2024-07-27 15:50:35 CEST.
Flavor | Version | Tinstall | Tcheck | Ttotal | Status | Flags |
---|---|---|---|---|---|---|
r-devel-linux-x86_64-debian-clang | 0.1.5 | 21.84 | 81.24 | 103.08 | NOTE | |
r-devel-linux-x86_64-debian-gcc | 0.1.5 | NOTE | ||||
r-devel-linux-x86_64-fedora-clang | 0.1.5 | 138.00 | NOTE | |||
r-devel-linux-x86_64-fedora-gcc | 0.1.5 | 145.26 | NOTE | |||
r-devel-windows-x86_64 | 0.1.5 | 21.00 | 133.00 | 154.00 | NOTE | |
r-patched-linux-x86_64 | 0.1.5 | NOTE | ||||
r-release-linux-x86_64 | 0.1.5 | 20.12 | 78.02 | 98.14 | NOTE | |
r-release-macos-arm64 | 0.1.5 | 44.00 | NOTE | |||
r-release-macos-x86_64 | 0.1.5 | 83.00 | NOTE | |||
r-release-windows-x86_64 | 0.1.5 | 23.00 | 137.00 | 160.00 | NOTE | |
r-oldrel-macos-arm64 | 0.1.5 | 46.00 | OK | |||
r-oldrel-macos-x86_64 | 0.1.5 | 74.00 | OK | |||
r-oldrel-windows-x86_64 | 0.1.5 | 25.00 | 138.00 | 163.00 | OK |
Version: 0.1.5
Check: Rd files
Result: NOTE
checkRd: (-1) make.phrase.matrix.Rd:20: Lost braces
20 | \\tabular{rrrrr}{
| ^
checkRd: (-1) make.phrase.matrix.Rd:20-23: Lost braces
20 | \\tabular{rrrrr}{
| ^
Flavors: r-devel-linux-x86_64-debian-clang, r-devel-linux-x86_64-debian-gcc, r-devel-linux-x86_64-fedora-clang, r-devel-linux-x86_64-fedora-gcc, r-devel-windows-x86_64, r-patched-linux-x86_64, r-release-linux-x86_64, r-release-macos-arm64, r-release-macos-x86_64, r-release-windows-x86_64
These binaries (installable software) and packages are in development.
They may not be fully stable and should be used with caution. We make no claims about them.