Last updated on 2025-02-02 14:48:36 CET.
Flavor | Version | Tinstall | Tcheck | Ttotal | Status | Flags |
---|---|---|---|---|---|---|
r-devel-linux-x86_64-debian-clang | 0.1.5 | 23.29 | 61.83 | 85.12 | OK | |
r-devel-linux-x86_64-debian-gcc | 0.1.5 | 16.95 | 47.95 | 64.90 | OK | |
r-devel-linux-x86_64-fedora-clang | 0.1.5 | 151.54 | OK | |||
r-devel-linux-x86_64-fedora-gcc | 0.1.5 | 158.92 | OK | |||
r-devel-windows-x86_64 | 0.1.5 | 31.00 | 99.00 | 130.00 | OK | |
r-patched-linux-x86_64 | 0.1.5 | 24.25 | 58.69 | 82.94 | NOTE | |
r-release-linux-x86_64 | 0.1.5 | 24.46 | 58.02 | 82.48 | NOTE | |
r-release-macos-arm64 | 0.1.5 | 52.00 | NOTE | |||
r-release-macos-x86_64 | 0.1.5 | 69.00 | NOTE | |||
r-release-windows-x86_64 | 0.1.5 | 30.00 | 104.00 | 134.00 | NOTE | |
r-oldrel-macos-arm64 | 0.1.5 | 60.00 | NOTE | |||
r-oldrel-macos-x86_64 | 0.1.5 | 88.00 | NOTE | |||
r-oldrel-windows-x86_64 | 0.1.5 | 34.00 | 116.00 | 150.00 | NOTE |
Version: 0.1.5
Check: LazyData
Result: NOTE
'LazyData' is specified without a 'data' directory
Flavors: r-patched-linux-x86_64, r-release-linux-x86_64, r-release-macos-arm64, r-release-macos-x86_64, r-release-windows-x86_64, r-oldrel-macos-arm64, r-oldrel-macos-x86_64, r-oldrel-windows-x86_64
These binaries (installable software) and packages are in development.
They may not be fully stable and should be used with caution. We make no claims about them.