CRAN Package Check Results for Package textshaping

Last updated on 2025-10-23 17:51:05 CEST.

Flavor Version Tinstall Tcheck Ttotal Status Flags
r-devel-linux-x86_64-debian-clang 1.0.4 23.16 32.92 56.08 OK
r-devel-linux-x86_64-debian-gcc 1.0.4 17.53 26.85 44.38 OK
r-devel-linux-x86_64-fedora-clang 1.0.4 129.00 -22.20 106.80 OK
r-devel-linux-x86_64-fedora-gcc 1.0.4 52.00 54.72 106.72 OK
r-devel-windows-x86_64 1.0.4 33.00 72.00 105.00 OK
r-patched-linux-x86_64 1.0.4 25.19 30.14 55.33 OK
r-release-linux-x86_64 1.0.4 24.90 30.29 55.19 OK
r-release-macos-arm64 1.0.4 14.00 27.00 41.00 OK
r-release-macos-x86_64 1.0.4 25.00 72.00 97.00 OK
r-release-windows-x86_64 1.0.4 36.00 72.00 108.00 OK
r-oldrel-macos-arm64 1.0.4 14.00 31.00 45.00 NOTE
r-oldrel-macos-x86_64 1.0.4 21.00 51.00 72.00 NOTE
r-oldrel-windows-x86_64 1.0.4 39.00 80.00 119.00 OK

Additional issues

rchk

Check Details

Version: 1.0.4
Check: installed package size
Result: NOTE installed size is 23.5Mb sub-directories of 1Mb or more: libs 23.2Mb Flavors: r-oldrel-macos-arm64, r-oldrel-macos-x86_64

These binaries (installable software) and packages are in development.
They may not be fully stable and should be used with caution. We make no claims about them.