CRAN Package Check Results for Package textshaping

Last updated on 2025-07-02 01:51:53 CEST.

Flavor Version Tinstall Tcheck Ttotal Status Flags
r-devel-linux-x86_64-debian-clang 1.0.1 24.43 32.02 56.45 OK
r-devel-linux-x86_64-debian-gcc 1.0.1 18.01 25.28 43.29 OK
r-devel-linux-x86_64-fedora-clang 1.0.1 104.38 OK
r-devel-linux-x86_64-fedora-gcc 1.0.1 103.51 OK
r-devel-windows-x86_64 1.0.1 33.00 75.00 108.00 OK
r-patched-linux-x86_64 OK
r-release-linux-x86_64 1.0.1 25.00 29.03 54.03 OK
r-release-macos-arm64 1.0.1 44.00 OK
r-release-macos-x86_64 1.0.1 72.00 OK
r-release-windows-x86_64 1.0.1 34.00 74.00 108.00 OK
r-oldrel-macos-arm64 1.0.1 48.00 NOTE
r-oldrel-macos-x86_64 1.0.1 79.00 NOTE
r-oldrel-windows-x86_64 1.0.1 39.00 86.00 125.00 OK

Additional issues

rchk

Check Details

Version: 1.0.1
Check: installed package size
Result: NOTE installed size is 23.4Mb sub-directories of 1Mb or more: libs 23.2Mb Flavors: r-oldrel-macos-arm64, r-oldrel-macos-x86_64

These binaries (installable software) and packages are in development.
They may not be fully stable and should be used with caution. We make no claims about them.