Last updated on 2025-07-19 19:50:04 CEST.
Flavor | Version | Tinstall | Tcheck | Ttotal | Status | Flags |
---|---|---|---|---|---|---|
r-devel-linux-x86_64-debian-clang | 0.1.4 | 7.81 | 65.74 | 73.55 | NOTE | |
r-devel-linux-x86_64-debian-gcc | 0.1.4 | 6.06 | 49.01 | 55.07 | NOTE | |
r-devel-linux-x86_64-fedora-clang | 0.1.4 | 111.91 | OK | |||
r-devel-linux-x86_64-fedora-gcc | 0.1.4 | 110.85 | OK | |||
r-devel-windows-x86_64 | 0.1.4 | 8.00 | 77.00 | 85.00 | OK | |
r-patched-linux-x86_64 | 0.1.4 | 6.10 | 62.87 | 68.97 | OK | |
r-release-linux-x86_64 | 0.1.4 | 6.02 | 63.09 | 69.11 | OK | |
r-release-macos-arm64 | 0.1.4 | 34.00 | OK | |||
r-release-macos-x86_64 | 0.1.4 | 60.00 | OK | |||
r-release-windows-x86_64 | 0.1.4 | 9.00 | 80.00 | 89.00 | OK | |
r-oldrel-macos-arm64 | 0.1.4 | 37.00 | OK | |||
r-oldrel-macos-x86_64 | 0.1.4 | 52.00 | OK | |||
r-oldrel-windows-x86_64 | 0.1.4 | 11.00 | 98.00 | 109.00 | OK |
Version: 0.1.4
Check: CRAN incoming feasibility
Result: NOTE
Maintainer: ‘Tyler Rinker <tyler.rinker@gmail.com>’
Package CITATION file contains call(s) to old-style citEntry(). Please
use bibentry() instead.
Flavors: r-devel-linux-x86_64-debian-clang, r-devel-linux-x86_64-debian-gcc
These binaries (installable software) and packages are in development.
They may not be fully stable and should be used with caution. We make no claims about them.