Last updated on 2024-07-27 15:50:35 CEST.
Flavor | Version | Tinstall | Tcheck | Ttotal | Status | Flags |
---|---|---|---|---|---|---|
r-devel-linux-x86_64-debian-clang | 2.17.0 | 21.40 | 111.00 | 132.40 | OK | |
r-devel-linux-x86_64-debian-gcc | 2.17.0 | OK | ||||
r-devel-linux-x86_64-fedora-clang | 2.17.0 | 182.76 | OK | |||
r-devel-linux-x86_64-fedora-gcc | 2.17.0 | 176.15 | OK | |||
r-devel-windows-x86_64 | 2.17.0 | 21.00 | 110.00 | 131.00 | OK | |
r-patched-linux-x86_64 | 2.17.0 | OK | ||||
r-release-linux-x86_64 | 2.17.0 | 23.60 | 107.97 | 131.57 | OK | |
r-release-macos-arm64 | 2.17.0 | 55.00 | OK | |||
r-release-macos-x86_64 | 2.17.0 | 141.00 | OK | |||
r-release-windows-x86_64 | 2.17.0 | 20.00 | 107.00 | 127.00 | OK | |
r-oldrel-macos-arm64 | 2.17.0 | 63.00 | ERROR | |||
r-oldrel-macos-x86_64 | 2.17.0 | 115.00 | ERROR | |||
r-oldrel-windows-x86_64 | 2.17.0 | 27.00 | 134.00 | 161.00 | OK |
Version: 2.17.0
Check: running R code from vignettes
Result: ERROR
Errors in running code in vignettes:
when running code in ‘introduction.Rmd’
...
> library(tfdatasets)
> iris_spec <- csv_record_spec("iris.csv")
Warning in file(file, "rt") :
cannot open file 'iris.csv': No such file or directory
When sourcing ‘introduction.R’:
Error: cannot open the connection
Execution halted
‘introduction.Rmd’ using ‘UTF-8’... failed
Flavors: r-oldrel-macos-arm64, r-oldrel-macos-x86_64
These binaries (installable software) and packages are in development.
They may not be fully stable and should be used with caution. We make no claims about them.