Last updated on 2025-05-01 12:49:43 CEST.
Flavor | Version | Tinstall | Tcheck | Ttotal | Status | Flags |
---|---|---|---|---|---|---|
r-devel-linux-x86_64-debian-clang | 0.6.1 | 8.23 | 69.91 | 78.14 | OK | |
r-devel-linux-x86_64-debian-gcc | 0.6.1 | 5.46 | 54.24 | 59.70 | OK | |
r-devel-linux-x86_64-fedora-clang | 0.6.1 | 131.03 | OK | |||
r-devel-linux-x86_64-fedora-gcc | 0.6.1 | 134.39 | OK | |||
r-devel-windows-x86_64 | 0.6.1 | 9.00 | 122.00 | 131.00 | OK | |
r-patched-linux-x86_64 | 0.6.1 | 7.09 | 67.18 | 74.27 | OK | |
r-release-linux-x86_64 | OK | |||||
r-release-macos-arm64 | 0.6.1 | 56.00 | OK | |||
r-release-macos-x86_64 | 0.6.1 | 83.00 | OK | |||
r-release-windows-x86_64 | 0.6.1 | 10.00 | 131.00 | 141.00 | OK | |
r-oldrel-macos-arm64 | 0.6.1 | 42.00 | NOTE | |||
r-oldrel-macos-x86_64 | 0.6.1 | 67.00 | NOTE | |||
r-oldrel-windows-x86_64 | 0.6.1 | 11.00 | 120.00 | 131.00 | NOTE |
Version: 0.6.1
Check: LazyData
Result: NOTE
'LazyData' is specified without a 'data' directory
Flavors: r-oldrel-macos-arm64, r-oldrel-macos-x86_64, r-oldrel-windows-x86_64
These binaries (installable software) and packages are in development.
They may not be fully stable and should be used with caution. We make no claims about them.