Last updated on 2025-10-09 23:51:28 CEST.
Flavor | Version | Tinstall | Tcheck | Ttotal | Status | Flags |
---|---|---|---|---|---|---|
r-devel-linux-x86_64-debian-clang | 1.3 | 1.84 | 21.32 | 23.16 | NOTE | |
r-devel-linux-x86_64-debian-gcc | 1.3 | 1.50 | 17.79 | 19.29 | NOTE | |
r-devel-linux-x86_64-fedora-clang | 1.3 | 36.57 | OK | |||
r-devel-linux-x86_64-fedora-gcc | 1.3 | 32.44 | OK | |||
r-devel-windows-x86_64 | 1.3 | 3.00 | 45.00 | 48.00 | OK | |
r-patched-linux-x86_64 | 1.3 | 2.06 | 20.23 | 22.29 | OK | |
r-release-linux-x86_64 | 1.3 | 1.84 | 20.47 | 22.31 | OK | |
r-release-macos-arm64 | 1.3 | 17.00 | OK | |||
r-release-macos-x86_64 | 1.3 | 28.00 | OK | |||
r-release-windows-x86_64 | 1.3 | 3.00 | 45.00 | 48.00 | OK | |
r-oldrel-macos-arm64 | 1.3 | 15.00 | OK | |||
r-oldrel-macos-x86_64 | 1.3 | 29.00 | OK | |||
r-oldrel-windows-x86_64 | 1.3 | 3.00 | 42.00 | 45.00 | OK |
Version: 1.3
Check: CRAN incoming feasibility
Result: NOTE
Maintainer: ‘James Curran <j.curran@auckland.ac.nz>’
No Authors@R field in DESCRIPTION.
Please add one, modifying
Authors@R: c(person(given = "James",
family = "Curran",
role = c("aut", "cre"),
email = "j.curran@auckland.ac.nz"),
person(given = "TingYu",
family = "Huang",
role = "aut"))
as necessary.
Flavors: r-devel-linux-x86_64-debian-clang, r-devel-linux-x86_64-debian-gcc
These binaries (installable software) and packages are in development.
They may not be fully stable and should be used with caution. We make no claims about them.