Last updated on 2025-05-01 12:49:43 CEST.
Flavor | Version | Tinstall | Tcheck | Ttotal | Status | Flags |
---|---|---|---|---|---|---|
r-devel-linux-x86_64-debian-clang | 1.9.2 | 10.79 | 111.57 | 122.36 | NOTE | |
r-devel-linux-x86_64-debian-gcc | 1.9.2 | 7.11 | 83.31 | 90.42 | NOTE | |
r-devel-linux-x86_64-fedora-clang | 1.9.2 | 205.62 | OK | |||
r-devel-linux-x86_64-fedora-gcc | 1.9.2 | 198.82 | OK | |||
r-devel-windows-x86_64 | 1.9.2 | 13.00 | 135.00 | 148.00 | NOTE | |
r-patched-linux-x86_64 | 1.9.2 | 11.21 | 107.13 | 118.34 | NOTE | |
r-release-linux-x86_64 | NOTE | |||||
r-release-macos-arm64 | 1.9.2 | 67.00 | OK | |||
r-release-macos-x86_64 | 1.9.2 | 141.00 | OK | |||
r-release-windows-x86_64 | 1.9.2 | 13.00 | 141.00 | 154.00 | NOTE | |
r-oldrel-macos-arm64 | 1.9.2 | 65.00 | OK | |||
r-oldrel-macos-x86_64 | 1.9.2 | 104.00 | OK | |||
r-oldrel-windows-x86_64 | 1.9.2 | 16.00 | 157.00 | 173.00 | OK |
Version: 1.9.2
Check: Rd cross-references
Result: NOTE
Found the following Rd file(s) with Rd \link{} targets missing package
anchors:
feature_columns.Rd: tidyselect
Please provide package anchors for all Rd \link{} targets not in the
package itself and the base packages.
Flavors: r-devel-linux-x86_64-debian-clang, r-devel-linux-x86_64-debian-gcc, r-devel-windows-x86_64, r-patched-linux-x86_64, r-release-linux-x86_64, r-release-windows-x86_64
These binaries (installable software) and packages are in development.
They may not be fully stable and should be used with caution. We make no claims about them.