Last updated on 2025-10-23 11:50:30 CEST.
Flavor | Version | Tinstall | Tcheck | Ttotal | Status | Flags |
---|---|---|---|---|---|---|
r-devel-linux-x86_64-debian-clang | 0.0.4 | 82.35 | 54.23 | 136.58 | OK | |
r-devel-linux-x86_64-debian-gcc | 0.0.4 | 59.88 | 40.01 | 99.89 | OK | |
r-devel-linux-x86_64-fedora-clang | 0.0.4 | 356.00 | -73.42 | 282.58 | OK | |
r-devel-linux-x86_64-fedora-gcc | 0.0.4 | 162.00 | 83.69 | 245.69 | OK | |
r-devel-windows-x86_64 | 0.0.4 | 126.00 | 122.00 | 248.00 | OK | |
r-patched-linux-x86_64 | 0.0.4 | 91.46 | 49.13 | 140.59 | OK | |
r-release-linux-x86_64 | 0.0.4 | 88.94 | 49.53 | 138.47 | OK | |
r-release-macos-arm64 | 0.0.4 | 48.00 | 31.00 | 79.00 | OK | |
r-release-macos-x86_64 | 0.0.4 | 34.00 | 52.00 | 86.00 | OK | |
r-release-windows-x86_64 | 0.0.4 | 129.00 | 135.00 | 264.00 | OK | |
r-oldrel-macos-arm64 | 0.0.4 | 42.00 | 28.00 | 70.00 | NOTE | |
r-oldrel-macos-x86_64 | 0.0.4 | 39.00 | 62.00 | 101.00 | NOTE | |
r-oldrel-windows-x86_64 | 0.0.4 | 145.00 | 143.00 | 288.00 | OK |
Version: 0.0.4
Check: installed package size
Result: NOTE
installed size is 27.4Mb
sub-directories of 1Mb or more:
libs 27.1Mb
Flavors: r-oldrel-macos-arm64, r-oldrel-macos-x86_64
These binaries (installable software) and packages are in development.
They may not be fully stable and should be used with caution. We make no claims about them.