CRAN Package Check Results for Package tfevents

Last updated on 2025-05-21 21:49:33 CEST.

Flavor Version Tinstall Tcheck Ttotal Status Flags
r-devel-linux-x86_64-debian-clang 0.0.4 86.80 51.66 138.46 OK
r-devel-linux-x86_64-debian-gcc 0.0.4 65.22 40.16 105.38 OK
r-devel-linux-x86_64-fedora-clang 0.0.4 267.97 OK
r-devel-linux-x86_64-fedora-gcc 0.0.4 281.19 OK
r-devel-windows-x86_64 0.0.4 130.00 143.00 273.00 OK
r-patched-linux-x86_64 0.0.4 88.23 47.25 135.48 OK
r-release-linux-x86_64 0.0.4 90.30 47.89 138.19 OK
r-release-macos-arm64 0.0.4 79.00 OK
r-release-macos-x86_64 0.0.4 86.00 OK
r-release-windows-x86_64 0.0.4 132.00 122.00 254.00 OK
r-oldrel-macos-arm64 0.0.4 70.00 NOTE
r-oldrel-macos-x86_64 0.0.4 101.00 NOTE
r-oldrel-windows-x86_64 0.0.4 146.00 143.00 289.00 OK

Check Details

Version: 0.0.4
Check: installed package size
Result: NOTE installed size is 27.4Mb sub-directories of 1Mb or more: libs 27.1Mb Flavors: r-oldrel-macos-arm64, r-oldrel-macos-x86_64

These binaries (installable software) and packages are in development.
They may not be fully stable and should be used with caution. We make no claims about them.