Last updated on 2025-07-22 19:52:03 CEST.
Flavor | Version | Tinstall | Tcheck | Ttotal | Status | Flags |
---|---|---|---|---|---|---|
r-devel-linux-x86_64-debian-clang | 0.0.4 | 86.81 | 51.49 | 138.30 | OK | |
r-devel-linux-x86_64-debian-gcc | 0.0.4 | 65.15 | 42.84 | 107.99 | OK | |
r-devel-linux-x86_64-fedora-clang | 0.0.4 | 256.40 | OK | |||
r-devel-linux-x86_64-fedora-gcc | 0.0.4 | 240.91 | OK | |||
r-devel-windows-x86_64 | 0.0.4 | 127.00 | 140.00 | 267.00 | OK | |
r-patched-linux-x86_64 | 0.0.4 | 90.03 | 47.46 | 137.49 | OK | |
r-release-linux-x86_64 | 0.0.4 | 90.03 | 47.68 | 137.71 | OK | |
r-release-macos-arm64 | 0.0.4 | 79.00 | OK | |||
r-release-macos-x86_64 | 0.0.4 | 86.00 | OK | |||
r-release-windows-x86_64 | 0.0.4 | 129.00 | 116.00 | 245.00 | OK | |
r-oldrel-macos-arm64 | 0.0.4 | 70.00 | NOTE | |||
r-oldrel-macos-x86_64 | 0.0.4 | 101.00 | NOTE | |||
r-oldrel-windows-x86_64 | 0.0.4 | 143.00 | 138.00 | 281.00 | OK |
Version: 0.0.4
Check: installed package size
Result: NOTE
installed size is 27.4Mb
sub-directories of 1Mb or more:
libs 27.1Mb
Flavors: r-oldrel-macos-arm64, r-oldrel-macos-x86_64
These binaries (installable software) and packages are in development.
They may not be fully stable and should be used with caution. We make no claims about them.