Last updated on 2025-11-12 18:50:48 CET.
| Flavor | Version | Tinstall | Tcheck | Ttotal | Status | Flags |
|---|---|---|---|---|---|---|
| r-devel-linux-x86_64-debian-clang | 0.0.4 | 87.41 | 54.11 | 141.52 | OK | |
| r-devel-linux-x86_64-debian-gcc | 0.0.4 | 59.87 | 40.33 | 100.20 | OK | |
| r-devel-linux-x86_64-fedora-clang | 0.0.4 | 174.00 | 87.95 | 261.95 | OK | |
| r-devel-linux-x86_64-fedora-gcc | 0.0.4 | 163.00 | 83.14 | 246.14 | OK | |
| r-devel-windows-x86_64 | 0.0.4 | 138.00 | 121.00 | 259.00 | OK | |
| r-patched-linux-x86_64 | 0.0.4 | 89.04 | 49.97 | 139.01 | OK | |
| r-release-linux-x86_64 | 0.0.4 | 87.56 | 49.74 | 137.30 | OK | |
| r-release-macos-arm64 | 0.0.4 | 48.00 | 31.00 | 79.00 | OK | |
| r-release-macos-x86_64 | 0.0.4 | 34.00 | 52.00 | 86.00 | OK | |
| r-release-windows-x86_64 | 0.0.4 | 128.00 | 114.00 | 242.00 | OK | |
| r-oldrel-macos-arm64 | 0.0.4 | 42.00 | 28.00 | 70.00 | NOTE | |
| r-oldrel-macos-x86_64 | 0.0.4 | 39.00 | 62.00 | 101.00 | NOTE | |
| r-oldrel-windows-x86_64 | 0.0.4 | 146.00 | 136.00 | 282.00 | OK |
Version: 0.0.4
Check: installed package size
Result: NOTE
installed size is 27.4Mb
sub-directories of 1Mb or more:
libs 27.1Mb
Flavors: r-oldrel-macos-arm64, r-oldrel-macos-x86_64
These binaries (installable software) and packages are in development.
They may not be fully stable and should be used with caution. We make no claims about them.