CRAN Package Check Results for Package tfio

Last updated on 2025-05-23 01:51:14 CEST.

Flavor Version Tinstall Tcheck Ttotal Status Flags
r-devel-linux-x86_64-debian-clang 0.4.1 8.16 72.27 80.43 OK
r-devel-linux-x86_64-debian-gcc 0.4.1 5.84 54.41 60.25 OK
r-devel-linux-x86_64-fedora-clang 0.4.1 128.75 OK
r-devel-linux-x86_64-fedora-gcc 0.4.1 137.95 OK
r-devel-windows-x86_64 0.4.1 10.00 91.00 101.00 OK
r-patched-linux-x86_64 0.4.1 8.64 69.44 78.08 OK
r-release-linux-x86_64 0.4.1 6.72 69.91 76.63 OK
r-release-macos-arm64 0.4.1 55.00 OK
r-release-macos-x86_64 0.4.1 85.00 OK
r-release-windows-x86_64 0.4.1 10.00 119.00 129.00 OK
r-oldrel-macos-arm64 0.4.1 45.00 NOTE
r-oldrel-macos-x86_64 0.4.1 68.00 NOTE
r-oldrel-windows-x86_64 0.4.1 13.00 106.00 119.00 NOTE

Check Details

Version: 0.4.1
Check: LazyData
Result: NOTE 'LazyData' is specified without a 'data' directory Flavors: r-oldrel-macos-arm64, r-oldrel-macos-x86_64, r-oldrel-windows-x86_64

These binaries (installable software) and packages are in development.
They may not be fully stable and should be used with caution. We make no claims about them.