Last updated on 2025-10-23 21:51:44 CEST.
Flavor | Version | Tinstall | Tcheck | Ttotal | Status | Flags |
---|---|---|---|---|---|---|
r-devel-linux-x86_64-debian-clang | 0.4.1 | 7.32 | 73.62 | 80.94 | NOTE | |
r-devel-linux-x86_64-debian-gcc | 0.4.1 | 6.28 | 56.09 | 62.37 | OK | |
r-devel-linux-x86_64-fedora-clang | 0.4.1 | 43.00 | 91.49 | 134.49 | OK | |
r-devel-linux-x86_64-fedora-gcc | 0.4.1 | 17.00 | 115.29 | 132.29 | OK | |
r-devel-windows-x86_64 | 0.4.1 | 10.00 | 84.00 | 94.00 | OK | |
r-patched-linux-x86_64 | 0.4.1 | 8.34 | 68.84 | 77.18 | OK | |
r-release-linux-x86_64 | 0.4.1 | 8.26 | 70.20 | 78.46 | OK | |
r-release-macos-arm64 | 0.4.1 | 4.00 | 51.00 | 55.00 | OK | |
r-release-macos-x86_64 | 0.4.1 | 6.00 | 79.00 | 85.00 | OK | |
r-release-windows-x86_64 | 0.4.1 | 10.00 | 85.00 | 95.00 | OK | |
r-oldrel-macos-arm64 | 0.4.1 | 4.00 | 41.00 | 45.00 | NOTE | |
r-oldrel-macos-x86_64 | 0.4.1 | 6.00 | 62.00 | 68.00 | NOTE | |
r-oldrel-windows-x86_64 | 0.4.1 | 12.00 | 104.00 | 116.00 | NOTE |
Version: 0.4.1
Check: HTML version of manual
Result: NOTE
Found the following HTML validation problems:
from_schema.html:51:1 (from_schema.Rd:12): Warning: missing </ul> before </div>
from_schema.arrow_feather_dataset.html:70:1 (from_schema.arrow_feather_dataset.Rd:22): Warning: missing </ul> before </div>
from_schema.arrow_stream_dataset.html:70:1 (from_schema.arrow_stream_dataset.Rd:22): Warning: missing </ul> before </div>
kinesis_dataset.html:63:1 (kinesis_dataset.Rd:19): Warning: missing </ul> before </div>
make_libsvm_dataset.html:103:1 (make_libsvm_dataset.Rd:49): Warning: missing </ul> before </div>
mnist_image_dataset.html:51:1 (mnist_image_dataset.Rd:13): Warning: missing </ul> before </div>
mnist_label_dataset.html:51:1 (mnist_label_dataset.Rd:13): Warning: missing </ul> before </div>
pubsub_dataset.html:59:1 (pubsub_dataset.Rd:17): Warning: missing </ul> before </div>
Flavor: r-devel-linux-x86_64-debian-clang
Version: 0.4.1
Check: LazyData
Result: NOTE
'LazyData' is specified without a 'data' directory
Flavors: r-oldrel-macos-arm64, r-oldrel-macos-x86_64, r-oldrel-windows-x86_64
These binaries (installable software) and packages are in development.
They may not be fully stable and should be used with caution. We make no claims about them.