CRAN Package Check Results for Package tfrmt

Last updated on 2025-05-08 04:52:21 CEST.

Flavor Version Tinstall Tcheck Ttotal Status Flags
r-devel-linux-x86_64-debian-clang 0.1.3 12.21 137.26 149.47 NOTE
r-devel-linux-x86_64-debian-gcc 0.1.3 8.04 94.39 102.43 NOTE
r-devel-linux-x86_64-fedora-clang 0.1.3 239.00 NOTE
r-devel-linux-x86_64-fedora-gcc 0.1.3 223.80 NOTE
r-devel-windows-x86_64 0.1.3 14.00 138.00 152.00 NOTE
r-patched-linux-x86_64 0.1.3 11.72 129.93 141.65 NOTE
r-release-linux-x86_64 0.1.3 11.39 128.59 139.98 NOTE
r-release-macos-arm64 0.1.3 57.00 NOTE
r-release-macos-x86_64 0.1.3 140.00 NOTE
r-release-windows-x86_64 0.1.3 13.00 138.00 151.00 NOTE
r-oldrel-macos-arm64 0.1.3 61.00 OK
r-oldrel-macos-x86_64 0.1.3 135.00 OK
r-oldrel-windows-x86_64 0.1.3 20.00 181.00 201.00 OK

Check Details

Version: 0.1.3
Check: DESCRIPTION meta-information
Result: NOTE Missing dependency on R >= 4.1.0 because package code uses the pipe |> or function shorthand \(...) syntax added in R 4.1.0. File(s) using such syntax: ‘mock_tbl.R’ Flavors: r-devel-linux-x86_64-debian-clang, r-devel-linux-x86_64-debian-gcc, r-devel-linux-x86_64-fedora-clang, r-devel-linux-x86_64-fedora-gcc, r-devel-windows-x86_64, r-patched-linux-x86_64, r-release-linux-x86_64, r-release-macos-arm64, r-release-macos-x86_64, r-release-windows-x86_64

These binaries (installable software) and packages are in development.
They may not be fully stable and should be used with caution. We make no claims about them.