Last updated on 2025-10-23 15:50:15 CEST.
Flavor | Version | Tinstall | Tcheck | Ttotal | Status | Flags |
---|---|---|---|---|---|---|
r-devel-linux-x86_64-debian-clang | 1.5.4 | 3.04 | 41.53 | 44.57 | NOTE | |
r-devel-linux-x86_64-debian-gcc | 1.5.4 | 2.21 | 32.42 | 34.63 | OK | |
r-devel-linux-x86_64-fedora-clang | 1.5.4 | 12.00 | 62.87 | 74.87 | OK | |
r-devel-linux-x86_64-fedora-gcc | 1.5.4 | 81.64 | OK | |||
r-devel-windows-x86_64 | 1.5.4 | 5.00 | 94.00 | 99.00 | OK | |
r-patched-linux-x86_64 | 1.5.4 | 3.61 | 38.75 | 42.36 | OK | |
r-release-linux-x86_64 | 1.5.4 | 3.13 | 39.25 | 42.38 | OK | |
r-release-macos-arm64 | 1.5.4 | 1.00 | 52.00 | 53.00 | OK | |
r-release-macos-x86_64 | 1.5.4 | 3.00 | 74.00 | 77.00 | OK | |
r-release-windows-x86_64 | 1.5.4 | 5.00 | 95.00 | 100.00 | OK | |
r-oldrel-macos-arm64 | 1.5.4 | 2.00 | 128.00 | 130.00 | OK | |
r-oldrel-macos-x86_64 | 1.5.4 | 3.00 | 87.00 | 90.00 | OK | |
r-oldrel-windows-x86_64 | 1.5.4 | 6.00 | 95.00 | 101.00 | OK |
Version: 1.5.4
Check: HTML version of manual
Result: NOTE
Found the following HTML validation problems:
compare_runs.html:55:1 (compare_runs.Rd:15): Warning: missing </ul> before </div>
save_run_comparison.html:52:1 (save_run_comparison.Rd:14): Warning: missing </ul> before </div>
write_run_data.html:79:1 (write_run_data.Rd:26): Warning: missing </ul> before </div>
Flavor: r-devel-linux-x86_64-debian-clang
These binaries (installable software) and packages are in development.
They may not be fully stable and should be used with caution. We make no claims about them.