Last updated on 2025-10-23 21:51:44 CEST.
| Flavor | Version | Tinstall | Tcheck | Ttotal | Status | Flags |
|---|---|---|---|---|---|---|
| r-devel-linux-x86_64-debian-clang | 0.1.0 | 1.73 | 25.15 | 26.88 | OK | |
| r-devel-linux-x86_64-debian-gcc | 0.1.0 | 1.33 | 20.40 | 21.73 | OK | |
| r-devel-linux-x86_64-fedora-clang | 0.1.0 | 41.49 | OK | |||
| r-devel-linux-x86_64-fedora-gcc | 0.1.0 | 37.28 | OK | |||
| r-devel-windows-x86_64 | 0.1.0 | 3.00 | 43.00 | 46.00 | OK | |
| r-patched-linux-x86_64 | 0.1.0 | 1.48 | 23.06 | 24.54 | OK | |
| r-release-linux-x86_64 | 0.1.0 | 1.69 | 23.20 | 24.89 | OK | |
| r-release-macos-arm64 | 0.1.0 | 1.00 | 30.00 | 31.00 | OK | |
| r-release-macos-x86_64 | 0.1.0 | 2.00 | 28.00 | 30.00 | OK | |
| r-release-windows-x86_64 | 0.1.0 | 3.00 | 45.00 | 48.00 | OK | |
| r-oldrel-macos-arm64 | 0.1.0 | 1.00 | 15.00 | 16.00 | NOTE | |
| r-oldrel-macos-x86_64 | 0.1.0 | 2.00 | 21.00 | 23.00 | NOTE | |
| r-oldrel-windows-x86_64 | 0.1.0 | 5.00 | 50.00 | 55.00 | NOTE |
Version: 0.1.0
Check: LazyData
Result: NOTE
'LazyData' is specified without a 'data' directory
Flavors: r-oldrel-macos-arm64, r-oldrel-macos-x86_64, r-oldrel-windows-x86_64
These binaries (installable software) and packages are in development.
They may not be fully stable and should be used with caution. We make no claims about them.