CRAN Package Check Results for Package tgamtheme

Last updated on 2025-11-12 23:51:02 CET.

Flavor Version Tinstall Tcheck Ttotal Status Flags
r-devel-linux-x86_64-debian-clang 0.1.0 1.62 25.59 27.21 OK
r-devel-linux-x86_64-debian-gcc 0.1.0 1.27 20.75 22.02 OK
r-devel-linux-x86_64-fedora-clang 0.1.0 38.34 OK
r-devel-linux-x86_64-fedora-gcc 0.1.0 37.06 OK
r-devel-windows-x86_64 0.1.0 3.00 43.00 46.00 OK
r-patched-linux-x86_64 0.1.0 1.70 22.85 24.55 OK
r-release-linux-x86_64 0.1.0 1.34 23.01 24.35 OK
r-release-macos-arm64 0.1.0 1.00 30.00 31.00 OK
r-release-macos-x86_64 0.1.0 2.00 28.00 30.00 OK
r-release-windows-x86_64 0.1.0 3.00 42.00 45.00 OK
r-oldrel-macos-arm64 0.1.0 1.00 15.00 16.00 NOTE
r-oldrel-macos-x86_64 0.1.0 2.00 21.00 23.00 NOTE
r-oldrel-windows-x86_64 0.1.0 4.00 49.00 53.00 NOTE

Check Details

Version: 0.1.0
Check: LazyData
Result: NOTE 'LazyData' is specified without a 'data' directory Flavors: r-oldrel-macos-arm64, r-oldrel-macos-x86_64, r-oldrel-windows-x86_64

These binaries (installable software) and packages are in development.
They may not be fully stable and should be used with caution. We make no claims about them.