Last updated on 2025-10-23 07:50:03 CEST.
Flavor | Version | Tinstall | Tcheck | Ttotal | Status | Flags |
---|---|---|---|---|---|---|
r-devel-linux-x86_64-debian-clang | 0.5.5 | 46.92 | 156.40 | 203.32 | OK | |
r-devel-linux-x86_64-debian-gcc | 0.5.5 | 31.44 | 178.61 | 210.05 | OK | |
r-devel-linux-x86_64-fedora-clang | 0.5.5 | 257.00 | 102.77 | 359.77 | NOTE | |
r-devel-linux-x86_64-fedora-gcc | 0.5.5 | 90.00 | 219.73 | 309.73 | NOTE | |
r-patched-linux-x86_64 | 0.5.5 | 48.48 | 142.89 | 191.37 | OK | |
r-release-linux-x86_64 | 0.5.5 | 46.42 | 142.95 | 189.37 | OK | |
r-release-macos-arm64 | 0.5.5 | 30.00 | 67.00 | 97.00 | OK | |
r-release-macos-x86_64 | 0.5.5 | 20.00 | 93.00 | 113.00 | OK | |
r-oldrel-macos-arm64 | 0.5.5 | 10.00 | 40.00 | 50.00 | NOTE | |
r-oldrel-macos-x86_64 | 0.5.5 | 11.00 | 56.00 | 67.00 | NOTE |
Version: 0.5.5
Check: dependencies in R code
Result: NOTE
Namespace in Imports field not imported from: ‘doRNG’
All declared Imports should be used.
Flavors: r-devel-linux-x86_64-fedora-clang, r-devel-linux-x86_64-fedora-gcc
Version: 0.5.5
Check: for GNU extensions in Makefiles
Result: NOTE
GNU make is a SystemRequirements.
Flavors: r-oldrel-macos-arm64, r-oldrel-macos-x86_64
These binaries (installable software) and packages are in development.
They may not be fully stable and should be used with caution. We make no claims about them.