Last updated on 2025-02-16 08:51:03 CET.
Flavor | Version | Tinstall | Tcheck | Ttotal | Status | Flags |
---|---|---|---|---|---|---|
r-devel-linux-x86_64-debian-clang | 0.5.5 | 50.75 | 133.18 | 183.93 | OK | |
r-devel-linux-x86_64-debian-gcc | 0.5.5 | 33.75 | 169.08 | 202.83 | OK | |
r-devel-linux-x86_64-fedora-clang | 0.5.5 | 314.07 | NOTE | |||
r-devel-linux-x86_64-fedora-gcc | 0.5.5 | 297.28 | NOTE | |||
r-devel-macos-arm64 | 0.5.5 | 73.00 | OK | |||
r-devel-macos-x86_64 | 0.5.5 | 126.00 | OK | |||
r-patched-linux-x86_64 | 0.5.5 | 49.30 | 124.86 | 174.16 | NOTE | |
r-release-linux-x86_64 | 0.5.5 | 45.04 | 123.66 | 168.70 | NOTE | |
r-release-macos-arm64 | 0.5.5 | 50.00 | NOTE | |||
r-release-macos-x86_64 | 0.5.5 | 67.00 | NOTE | |||
r-oldrel-macos-arm64 | 0.5.5 | 88.00 | NOTE | |||
r-oldrel-macos-x86_64 | 0.5.5 | 140.00 | NOTE |
Version: 0.5.5
Check: dependencies in R code
Result: NOTE
Namespace in Imports field not imported from: ‘doRNG’
All declared Imports should be used.
Flavors: r-devel-linux-x86_64-fedora-clang, r-devel-linux-x86_64-fedora-gcc
Version: 0.5.5
Check: for GNU extensions in Makefiles
Result: NOTE
GNU make is a SystemRequirements.
Flavors: r-patched-linux-x86_64, r-release-linux-x86_64, r-release-macos-arm64, r-release-macos-x86_64, r-oldrel-macos-arm64, r-oldrel-macos-x86_64
These binaries (installable software) and packages are in development.
They may not be fully stable and should be used with caution. We make no claims about them.