CRAN Package Check Results for Package tglkmeans

Last updated on 2025-07-26 07:50:36 CEST.

Flavor Version Tinstall Tcheck Ttotal Status Flags
r-devel-linux-x86_64-debian-clang 0.5.5 49.63 142.93 192.56 OK
r-devel-linux-x86_64-debian-gcc 0.5.5 34.87 173.64 208.51 OK
r-devel-linux-x86_64-fedora-clang 0.5.5 331.56 NOTE
r-devel-linux-x86_64-fedora-gcc 0.5.5 286.71 NOTE
r-patched-linux-x86_64 0.5.5 46.26 131.64 177.90 OK
r-release-linux-x86_64 0.5.5 46.33 126.90 173.23 OK
r-release-macos-arm64 0.5.5 97.00 OK
r-release-macos-x86_64 0.5.5 113.00 OK
r-oldrel-macos-arm64 0.5.5 50.00 NOTE
r-oldrel-macos-x86_64 0.5.5 67.00 NOTE

Check Details

Version: 0.5.5
Check: dependencies in R code
Result: NOTE Namespace in Imports field not imported from: ‘doRNG’ All declared Imports should be used. Flavors: r-devel-linux-x86_64-fedora-clang, r-devel-linux-x86_64-fedora-gcc

Version: 0.5.5
Check: for GNU extensions in Makefiles
Result: NOTE GNU make is a SystemRequirements. Flavors: r-oldrel-macos-arm64, r-oldrel-macos-x86_64

These binaries (installable software) and packages are in development.
They may not be fully stable and should be used with caution. We make no claims about them.