Last updated on 2024-07-27 15:50:35 CEST.
Flavor | Version | Tinstall | Tcheck | Ttotal | Status | Flags |
---|---|---|---|---|---|---|
r-devel-linux-x86_64-debian-clang | 2.4-22 | 42.19 | 61.39 | 103.58 | OK | --no-vignettes |
r-devel-linux-x86_64-debian-gcc | 2.4-22 | OK | --no-vignettes | |||
r-devel-linux-x86_64-fedora-clang | 2.4-22 | 159.03 | NOTE | --no-vignettes | ||
r-devel-linux-x86_64-fedora-gcc | 2.4-22 | 130.82 | OK | --no-vignettes | ||
r-devel-windows-x86_64 | 2.4-22 | 51.00 | 85.00 | 136.00 | OK | --no-examples --no-tests --no-vignettes |
r-patched-linux-x86_64 | 2.4-22 | OK | --no-vignettes | |||
r-release-linux-x86_64 | 2.4-22 | 33.04 | 60.59 | 93.63 | OK | --no-vignettes |
r-release-macos-arm64 | 2.4-22 | 38.00 | NOTE | --no-vignettes | ||
r-release-macos-x86_64 | 2.4-22 | 51.00 | NOTE | --no-vignettes | ||
r-release-windows-x86_64 | 2.4-22 | 47.00 | 90.00 | 137.00 | OK | --no-examples --no-tests --no-vignettes |
r-oldrel-macos-arm64 | 2.4-22 | 41.00 | NOTE | --no-vignettes | ||
r-oldrel-macos-x86_64 | 2.4-22 | 77.00 | NOTE | --no-vignettes | ||
r-oldrel-windows-x86_64 | 2.4-22 | 53.00 | 73.00 | 126.00 | OK | --no-examples --no-tests --no-vignettes |
Version: 2.4-22
Flags: --no-vignettes
Check: Rd cross-references
Result: NOTE
Undeclared package ‘akima’ in Rd xrefs
Flavor: r-devel-linux-x86_64-fedora-clang
Version: 2.4-22
Flags: --no-vignettes
Check: installed package size
Result: NOTE
installed size is 5.2Mb
sub-directories of 1Mb or more:
doc 2.6Mb
libs 2.1Mb
Flavors: r-release-macos-arm64, r-release-macos-x86_64, r-oldrel-macos-arm64, r-oldrel-macos-x86_64
These binaries (installable software) and packages are in development.
They may not be fully stable and should be used with caution. We make no claims about them.