CRAN Package Check Results for Package thaipdf

Last updated on 2025-07-02 03:50:54 CEST.

Flavor Version Tinstall Tcheck Ttotal Status Flags
r-devel-linux-x86_64-debian-clang 0.1.2 1.75 26.58 28.33 NOTE
r-devel-linux-x86_64-debian-gcc 0.1.2 1.49 22.36 23.85 NOTE
r-devel-linux-x86_64-fedora-clang 0.1.2 44.36 OK
r-devel-linux-x86_64-fedora-gcc 0.1.2 55.00 OK
r-devel-windows-x86_64 0.1.2 4.00 49.00 53.00 NOTE
r-patched-linux-x86_64 NOTE
r-release-linux-x86_64 0.1.2 1.72 24.43 26.15 NOTE
r-release-macos-arm64 0.1.2 43.00 OK
r-release-macos-x86_64 0.1.2 44.00 OK
r-release-windows-x86_64 0.1.2 4.00 48.00 52.00 NOTE
r-oldrel-macos-arm64 0.1.2 25.00 OK
r-oldrel-macos-x86_64 0.1.2 36.00 OK
r-oldrel-windows-x86_64 0.1.2 4.00 54.00 58.00 OK

Check Details

Version: 0.1.2
Check: Rd cross-references
Result: NOTE Found the following Rd file(s) with Rd \link{} targets missing package anchors: thaipdf_document.Rd: pdf_document Please provide package anchors for all Rd \link{} targets not in the package itself and the base packages. Flavors: r-devel-linux-x86_64-debian-clang, r-devel-linux-x86_64-debian-gcc, r-devel-windows-x86_64, r-patched-linux-x86_64, r-release-linux-x86_64, r-release-windows-x86_64

These binaries (installable software) and packages are in development.
They may not be fully stable and should be used with caution. We make no claims about them.