CRAN Package Check Results for Package thgenetics

Last updated on 2025-10-10 01:49:21 CEST.

Flavor Version Tinstall Tcheck Ttotal Status Flags
r-devel-linux-x86_64-debian-clang 0.4-2 3.94 18.78 22.72 NOTE
r-devel-linux-x86_64-debian-gcc 0.4-2 2.69 15.76 18.45 NOTE
r-devel-linux-x86_64-fedora-clang 0.4-2 37.10 OK
r-devel-linux-x86_64-fedora-gcc 0.4-2 32.17 OK
r-devel-windows-x86_64 0.4-2 6.00 38.00 44.00 OK
r-patched-linux-x86_64 0.4-2 3.59 18.07 21.66 OK
r-release-linux-x86_64 0.4-2 3.19 17.96 21.15 OK
r-release-macos-arm64 0.4-2 16.00 OK
r-release-macos-x86_64 0.4-2 27.00 OK
r-release-windows-x86_64 0.4-2 8.00 41.00 49.00 OK
r-oldrel-macos-arm64 0.4-2 16.00 OK
r-oldrel-macos-x86_64 0.4-2 22.00 OK
r-oldrel-windows-x86_64 0.4-2 6.00 38.00 44.00 OK

Check Details

Version: 0.4-2
Check: CRAN incoming feasibility
Result: NOTE Maintainer: ‘Thomas Hoffmann <tjhoffm@gmail.com>’ No Authors@R field in DESCRIPTION. Please add one, modifying Authors@R: person(given = "Thomas", family = "Hoffmann", role = c("aut", "cre"), email = "tjhoffm@gmail.com") as necessary. Flavors: r-devel-linux-x86_64-debian-clang, r-devel-linux-x86_64-debian-gcc

These binaries (installable software) and packages are in development.
They may not be fully stable and should be used with caution. We make no claims about them.