CRAN Package Check Results for Package thorn

Last updated on 2025-10-25 01:51:19 CEST.

Flavor Version Tinstall Tcheck Ttotal Status Flags
r-devel-linux-x86_64-debian-clang 0.2.0 2.39 24.72 27.11 OK
r-devel-linux-x86_64-debian-gcc 0.2.0 1.70 20.50 22.20 OK
r-devel-linux-x86_64-fedora-clang 0.2.0 10.00 31.82 41.82 OK
r-devel-linux-x86_64-fedora-gcc 0.2.0 38.36 OK
r-devel-windows-x86_64 0.2.0 4.00 43.00 47.00 OK
r-patched-linux-x86_64 0.2.0 2.33 23.42 25.75 OK
r-release-linux-x86_64 0.2.0 2.13 23.48 25.61 OK
r-release-macos-arm64 0.2.0 2.00 35.00 37.00 OK
r-release-macos-x86_64 0.2.0 2.00 24.00 26.00 OK
r-release-windows-x86_64 0.2.0 5.00 44.00 49.00 OK
r-oldrel-macos-arm64 0.2.0 1.00 17.00 18.00 NOTE
r-oldrel-macos-x86_64 0.2.0 2.00 23.00 25.00 NOTE
r-oldrel-windows-x86_64 0.2.0 5.00 50.00 55.00 NOTE

Check Details

Version: 0.2.0
Check: LazyData
Result: NOTE 'LazyData' is specified without a 'data' directory Flavors: r-oldrel-macos-arm64, r-oldrel-macos-x86_64, r-oldrel-windows-x86_64

These binaries (installable software) and packages are in development.
They may not be fully stable and should be used with caution. We make no claims about them.