Last updated on 2025-10-23 17:51:05 CEST.
Flavor | Version | Tinstall | Tcheck | Ttotal | Status | Flags |
---|---|---|---|---|---|---|
r-devel-linux-x86_64-debian-clang | 0.3.4 | 4.28 | 40.83 | 45.11 | NOTE | |
r-devel-linux-x86_64-debian-gcc | 0.3.4 | 3.17 | 30.82 | 33.99 | OK | |
r-devel-linux-x86_64-fedora-clang | 0.3.4 | 17.00 | 49.12 | 66.12 | OK | |
r-devel-linux-x86_64-fedora-gcc | 0.3.4 | 59.96 | OK | |||
r-devel-windows-x86_64 | 0.3.4 | 6.00 | 57.00 | 63.00 | OK | |
r-patched-linux-x86_64 | 0.3.4 | 4.81 | 37.09 | 41.90 | OK | |
r-release-linux-x86_64 | 0.3.4 | 4.22 | 37.32 | 41.54 | OK | |
r-release-macos-arm64 | 0.3.4 | 2.00 | 37.00 | 39.00 | OK | |
r-release-macos-x86_64 | 0.3.4 | 4.00 | 36.00 | 40.00 | OK | |
r-release-windows-x86_64 | 0.3.4 | 7.00 | 59.00 | 66.00 | OK | |
r-oldrel-macos-arm64 | 0.3.4 | 2.00 | 25.00 | 27.00 | OK | |
r-oldrel-macos-x86_64 | 0.3.4 | 7.00 | 65.00 | 72.00 | OK | |
r-oldrel-windows-x86_64 | 0.3.4 | 7.00 | 68.00 | 75.00 | OK |
Version: 0.3.4
Check: HTML version of manual
Result: NOTE
Found the following HTML validation problems:
threejs-shiny.html:72:1 (threejs-shiny.Rd:31): Warning: missing </ul> before </div>
Flavor: r-devel-linux-x86_64-debian-clang
These binaries (installable software) and packages are in development.
They may not be fully stable and should be used with caution. We make no claims about them.