Last updated on 2025-11-13 01:50:37 CET.
| Flavor | Version | Tinstall | Tcheck | Ttotal | Status | Flags |
|---|---|---|---|---|---|---|
| r-devel-linux-x86_64-debian-clang | 0.2.2 | 6.56 | 59.01 | 65.57 | OK | |
| r-devel-linux-x86_64-debian-gcc | 0.2.2 | 4.68 | 43.38 | 48.06 | OK | |
| r-devel-linux-x86_64-fedora-clang | 0.2.2 | 15.00 | 85.38 | 100.38 | OK | |
| r-devel-linux-x86_64-fedora-gcc | 0.2.2 | 13.00 | 96.18 | 109.18 | OK | |
| r-devel-windows-x86_64 | 0.2.2 | 9.00 | 73.00 | 82.00 | OK | |
| r-patched-linux-x86_64 | 0.2.2 | 6.53 | 53.54 | 60.07 | OK | |
| r-release-linux-x86_64 | 0.2.2 | 6.38 | 53.98 | 60.36 | OK | |
| r-release-macos-arm64 | 0.2.2 | 3.00 | 33.00 | 36.00 | OK | |
| r-release-macos-x86_64 | 0.2.2 | 5.00 | 58.00 | 63.00 | OK | |
| r-release-windows-x86_64 | 0.2.2 | 9.00 | 73.00 | 82.00 | OK | |
| r-oldrel-macos-arm64 | 0.2.2 | 3.00 | 32.00 | 35.00 | NOTE | |
| r-oldrel-macos-x86_64 | 0.2.2 | 4.00 | 49.00 | 53.00 | NOTE | |
| r-oldrel-windows-x86_64 | 0.2.2 | 12.00 | 88.00 | 100.00 | NOTE |
Version: 0.2.2
Check: LazyData
Result: NOTE
'LazyData' is specified without a 'data' directory
Flavors: r-oldrel-macos-arm64, r-oldrel-macos-x86_64, r-oldrel-windows-x86_64
These binaries (installable software) and packages are in development.
They may not be fully stable and should be used with caution. We make no claims about them.