Last updated on 2025-05-01 17:56:18 CEST.
Flavor | Version | Tinstall | Tcheck | Ttotal | Status | Flags |
---|---|---|---|---|---|---|
r-devel-linux-x86_64-debian-clang | 1.0.4 | 6.78 | 62.44 | 69.22 | NOTE | |
r-devel-linux-x86_64-debian-gcc | 1.0.4 | 5.26 | 46.79 | 52.05 | NOTE | |
r-devel-linux-x86_64-fedora-clang | 1.0.4 | 115.42 | OK | |||
r-devel-linux-x86_64-fedora-gcc | 1.0.4 | 103.35 | OK | |||
r-devel-windows-x86_64 | 1.0.4 | 9.00 | 77.00 | 86.00 | OK | |
r-patched-linux-x86_64 | 1.0.4 | 8.18 | 59.74 | 67.92 | OK | |
r-release-linux-x86_64 | OK | |||||
r-release-macos-arm64 | 1.0.4 | 36.00 | OK | |||
r-release-macos-x86_64 | 1.0.4 | 57.00 | OK | |||
r-release-windows-x86_64 | 1.0.4 | 8.00 | 79.00 | 87.00 | OK | |
r-oldrel-macos-arm64 | 1.0.4 | 32.00 | OK | |||
r-oldrel-macos-x86_64 | 1.0.4 | 48.00 | OK | |||
r-oldrel-windows-x86_64 | 1.0.4 | 10.00 | 91.00 | 101.00 | OK |
Version: 1.0.4
Check: CRAN incoming feasibility
Result: NOTE
Maintainer: ‘Man-Hua Chen <mchen@mail.tku.edu.tw>’
No Authors@R field in DESCRIPTION.
Please add one, modifying
Authors@R: person(given = "Man-Hua",
family = "Chen",
role = c("aut", "cre"),
email = "mchen@mail.tku.edu.tw")
as necessary.
Flavors: r-devel-linux-x86_64-debian-clang, r-devel-linux-x86_64-debian-gcc
These binaries (installable software) and packages are in development.
They may not be fully stable and should be used with caution. We make no claims about them.