CRAN Package Check Results for Package thregI

Last updated on 2025-07-26 07:50:36 CEST.

Flavor Version Tinstall Tcheck Ttotal Status Flags
r-devel-linux-x86_64-debian-clang 1.0.4 7.96 62.45 70.41 NOTE
r-devel-linux-x86_64-debian-gcc 1.0.4 5.42 45.95 51.37 NOTE
r-devel-linux-x86_64-fedora-clang 1.0.4 107.35 OK
r-devel-linux-x86_64-fedora-gcc 1.0.4 101.76 OK
r-devel-windows-x86_64 1.0.4 9.00 86.00 95.00 OK
r-patched-linux-x86_64 1.0.4 8.17 60.16 68.33 OK
r-release-linux-x86_64 1.0.4 7.87 59.38 67.25 OK
r-release-macos-arm64 1.0.4 36.00 OK
r-release-macos-x86_64 1.0.4 57.00 OK
r-release-windows-x86_64 1.0.4 8.00 93.00 101.00 OK
r-oldrel-macos-arm64 1.0.4 32.00 OK
r-oldrel-macos-x86_64 1.0.4 48.00 OK
r-oldrel-windows-x86_64 1.0.4 11.00 85.00 96.00 OK

Check Details

Version: 1.0.4
Check: CRAN incoming feasibility
Result: NOTE Maintainer: ‘Man-Hua Chen <mchen@mail.tku.edu.tw>’ No Authors@R field in DESCRIPTION. Please add one, modifying Authors@R: person(given = "Man-Hua", family = "Chen", role = c("aut", "cre"), email = "mchen@mail.tku.edu.tw") as necessary. Flavors: r-devel-linux-x86_64-debian-clang, r-devel-linux-x86_64-debian-gcc

These binaries (installable software) and packages are in development.
They may not be fully stable and should be used with caution. We make no claims about them.