CRAN Package Check Results for Package tibble

Last updated on 2025-02-19 17:51:07 CET.

Flavor Version Tinstall Tcheck Ttotal Status Flags
r-devel-linux-x86_64-debian-clang 3.2.1 8.24 158.93 167.17 NOTE
r-devel-linux-x86_64-debian-gcc 3.2.1 5.31 106.34 111.65 NOTE
r-devel-linux-x86_64-fedora-clang 3.2.1 279.61 NOTE
r-devel-linux-x86_64-fedora-gcc 3.2.1 259.58 NOTE
r-devel-macos-arm64 3.2.1 84.00 NOTE
r-devel-macos-x86_64 3.2.1 165.00 NOTE
r-devel-windows-x86_64 3.2.1 13.00 161.00 174.00 NOTE
r-patched-linux-x86_64 3.2.1 10.85 145.46 156.31 OK
r-release-linux-x86_64 3.2.1 7.28 145.94 153.22 OK
r-release-macos-arm64 3.2.1 74.00 OK
r-release-macos-x86_64 3.2.1 120.00 OK
r-release-windows-x86_64 3.2.1 12.00 162.00 174.00 OK
r-oldrel-macos-arm64 3.2.1 84.00 OK
r-oldrel-macos-x86_64 3.2.1 151.00 OK
r-oldrel-windows-x86_64 3.2.1 1.00 34.00 35.00 ERROR

Check Details

Version: 3.2.1
Check: Rd cross-references
Result: NOTE Found the following Rd file(s) with Rd \link{} targets missing package anchors: deprecated.Rd: quasiquotation formatting.Rd: tbl_format_setup frame_matrix.Rd: !!, !!!, quasiquotation lst.Rd: !!, !!!, .data, .env subsetting.Rd: vec_slice tibble.Rd: !!, !!!, .data, .env, quasiquotation tribble.Rd: !!, !!!, quasiquotation Please provide package anchors for all Rd \link{} targets not in the package itself and the base packages. Flavors: r-devel-linux-x86_64-debian-clang, r-devel-linux-x86_64-debian-gcc, r-devel-windows-x86_64

Version: 3.2.1
Check: compiled code
Result: NOTE File ‘tibble/libs/tibble.so’: Found non-API call to R: ‘SET_S4_OBJECT’ Compiled code should not call non-API entry points in R. See ‘Writing portable packages’ in the ‘Writing R Extensions’ manual, and section ‘Moving into C API compliance’ for issues with the use of non-API entry points. Flavors: r-devel-linux-x86_64-debian-clang, r-devel-linux-x86_64-debian-gcc, r-devel-linux-x86_64-fedora-clang, r-devel-linux-x86_64-fedora-gcc, r-devel-macos-arm64, r-devel-macos-x86_64

Version: 3.2.1
Check: compiled code
Result: NOTE File 'tibble/libs/x64/tibble.dll': Found non-API call to R: 'SET_S4_OBJECT' Compiled code should not call non-API entry points in R. See 'Writing portable packages' in the 'Writing R Extensions' manual, and section 'Moving into C API compliance' for issues with the use of non-API entry points. Flavor: r-devel-windows-x86_64

Version: 3.2.1
Check: whether package can be installed
Result: ERROR Installation failed. Flavor: r-oldrel-windows-x86_64

These binaries (installable software) and packages are in development.
They may not be fully stable and should be used with caution. We make no claims about them.