CRAN Package Check Results for Package tictactoe

Last updated on 2025-05-01 14:49:25 CEST.

Flavor Version Tinstall Tcheck Ttotal Status Flags
r-devel-linux-x86_64-debian-clang 0.2.2 2.67 33.53 36.20 NOTE
r-devel-linux-x86_64-debian-gcc 0.2.2 2.08 24.34 26.42 OK
r-devel-linux-x86_64-fedora-clang 0.2.2 56.18 OK
r-devel-linux-x86_64-fedora-gcc 0.2.2 50.44 OK
r-devel-windows-x86_64 0.2.2 4.00 54.00 58.00 OK
r-patched-linux-x86_64 0.2.2 2.74 30.01 32.75 OK
r-release-linux-x86_64 OK
r-release-macos-arm64 0.2.2 20.00 OK
r-release-macos-x86_64 0.2.2 34.00 OK
r-release-windows-x86_64 0.2.2 6.00 57.00 63.00 OK
r-oldrel-macos-arm64 0.2.2 18.00 NOTE
r-oldrel-macos-x86_64 0.2.2 27.00 NOTE
r-oldrel-windows-x86_64 0.2.2 3.00 58.00 61.00 NOTE

Check Details

Version: 0.2.2
Check: examples
Result: NOTE Examples with CPU (user + system) or elapsed time > 5s user system elapsed ttt_qlearn 5.824 0.024 7.3 Flavor: r-devel-linux-x86_64-debian-clang

Version: 0.2.2
Check: LazyData
Result: NOTE 'LazyData' is specified without a 'data' directory Flavors: r-oldrel-macos-arm64, r-oldrel-macos-x86_64, r-oldrel-windows-x86_64

These binaries (installable software) and packages are in development.
They may not be fully stable and should be used with caution. We make no claims about them.