Last updated on 2025-02-16 08:51:03 CET.
Flavor | Version | Tinstall | Tcheck | Ttotal | Status | Flags |
---|---|---|---|---|---|---|
r-devel-linux-x86_64-debian-clang | 0.0.7 | 1.28 | 14.39 | 15.67 | OK | |
r-devel-linux-x86_64-debian-gcc | 0.0.7 | 1.00 | 12.07 | 13.07 | OK | |
r-devel-linux-x86_64-fedora-clang | 0.0.7 | 26.97 | OK | |||
r-devel-linux-x86_64-fedora-gcc | 0.0.7 | 37.38 | OK | |||
r-devel-macos-arm64 | 0.0.7 | 20.00 | OK | |||
r-devel-macos-x86_64 | 0.0.7 | 40.00 | NOTE | |||
r-devel-windows-x86_64 | 0.0.7 | 2.00 | 38.00 | 40.00 | OK | |
r-patched-linux-x86_64 | 0.0.7 | 1.15 | 14.05 | 15.20 | OK | |
r-release-linux-x86_64 | 0.0.7 | 1.03 | 13.76 | 14.79 | OK | |
r-release-macos-arm64 | 0.0.7 | 17.00 | OK | |||
r-release-macos-x86_64 | 0.0.7 | 33.00 | OK | |||
r-release-windows-x86_64 | 0.0.7 | 2.00 | 39.00 | 41.00 | OK | |
r-oldrel-macos-arm64 | 0.0.7 | 33.00 | OK | |||
r-oldrel-macos-x86_64 | 0.0.7 | 57.00 | OK | |||
r-oldrel-windows-x86_64 | 0.0.7 | 3.00 | 37.00 | 40.00 | OK |
Version: 0.0.7
Check: package vignettes
Result: NOTE
Package vignette without corresponding tangle output:
‘motivation.md’
Flavor: r-devel-macos-x86_64
These binaries (installable software) and packages are in development.
They may not be fully stable and should be used with caution. We make no claims about them.