Last updated on 2025-05-01 08:52:48 CEST.
Flavor | Version | Tinstall | Tcheck | Ttotal | Status | Flags |
---|---|---|---|---|---|---|
r-devel-linux-x86_64-debian-clang | 1.1.0 | 9.44 | 124.01 | 133.45 | NOTE | |
r-devel-linux-x86_64-debian-gcc | 1.1.0 | 7.43 | 87.18 | 94.61 | NOTE | |
r-devel-linux-x86_64-fedora-clang | 1.1.0 | 217.07 | NOTE | |||
r-devel-linux-x86_64-fedora-gcc | 1.1.0 | 203.92 | NOTE | |||
r-devel-windows-x86_64 | 1.1.0 | 12.00 | 145.00 | 157.00 | NOTE | |
r-patched-linux-x86_64 | 1.1.0 | 9.61 | 118.18 | 127.79 | NOTE | |
r-release-linux-x86_64 | NOTE | |||||
r-release-macos-arm64 | 1.1.0 | 72.00 | NOTE | |||
r-release-macos-x86_64 | 1.1.0 | 156.00 | NOTE | |||
r-release-windows-x86_64 | 1.1.0 | 12.00 | 147.00 | 159.00 | NOTE | |
r-oldrel-macos-arm64 | 1.1.0 | 64.00 | NOTE | |||
r-oldrel-macos-x86_64 | 1.1.0 | 96.00 | NOTE | |||
r-oldrel-windows-x86_64 | 1.1.0 | 14.00 | 174.00 | 188.00 | NOTE |
Version: 1.1.0
Check: CRAN incoming feasibility
Result: NOTE
Maintainer: ‘Joshua M Rosenberg <jmrosenberg@utk.edu>’
Package CITATION file contains call(s) to old-style personList() or
as.personList(). Please use c() on person objects instead.
Package CITATION file contains call(s) to old-style citEntry(). Please
use bibentry() instead.
Flavors: r-devel-linux-x86_64-debian-clang, r-devel-linux-x86_64-debian-gcc
Version: 1.1.0
Check: package subdirectories
Result: NOTE
Problems with news in ‘NEWS.md’:
Cannot extract version info from the following section titles:
Minor changes:
Flavors: r-devel-linux-x86_64-debian-clang, r-devel-linux-x86_64-debian-gcc, r-devel-linux-x86_64-fedora-clang, r-devel-linux-x86_64-fedora-gcc, r-devel-windows-x86_64, r-patched-linux-x86_64, r-release-linux-x86_64, r-release-macos-arm64, r-release-macos-x86_64, r-release-windows-x86_64, r-oldrel-macos-arm64, r-oldrel-macos-x86_64, r-oldrel-windows-x86_64
Version: 1.1.0
Check: Rd files
Result: NOTE
checkRd: (-1) single_imputation.Rd:21-22: Lost braces in \itemize; meant \describe ?
checkRd: (-1) single_imputation.Rd:23-27: Lost braces in \itemize; meant \describe ?
Flavors: r-devel-linux-x86_64-debian-clang, r-devel-linux-x86_64-debian-gcc, r-devel-linux-x86_64-fedora-clang, r-devel-linux-x86_64-fedora-gcc, r-devel-windows-x86_64, r-patched-linux-x86_64, r-release-linux-x86_64, r-release-macos-arm64, r-release-macos-x86_64, r-release-windows-x86_64, r-oldrel-macos-arm64, r-oldrel-macos-x86_64, r-oldrel-windows-x86_64
Version: 1.1.0
Check: dependencies in R code
Result: NOTE
Namespace in Imports field not imported from: ‘mix’
All declared Imports should be used.
Flavors: r-devel-linux-x86_64-fedora-clang, r-devel-linux-x86_64-fedora-gcc
These binaries (installable software) and packages are in development.
They may not be fully stable and should be used with caution. We make no claims about them.