Last updated on 2025-02-16 08:51:03 CET.
Flavor | Version | Tinstall | Tcheck | Ttotal | Status | Flags |
---|---|---|---|---|---|---|
r-devel-linux-x86_64-debian-clang | 1.1.2 | 6.08 | 71.42 | 77.50 | NOTE | |
r-devel-linux-x86_64-debian-gcc | 1.1.2 | 4.47 | 51.59 | 56.06 | NOTE | |
r-devel-linux-x86_64-fedora-clang | 1.1.2 | 124.90 | NOTE | |||
r-devel-linux-x86_64-fedora-gcc | 1.1.2 | 129.17 | NOTE | |||
r-devel-macos-arm64 | 1.1.2 | 58.00 | OK | |||
r-devel-macos-x86_64 | 1.1.2 | 83.00 | NOTE | |||
r-devel-windows-x86_64 | 1.1.2 | 7.00 | 96.00 | 103.00 | NOTE | |
r-patched-linux-x86_64 | 1.1.2 | 5.56 | 65.78 | 71.34 | OK | |
r-release-linux-x86_64 | 1.1.2 | 5.16 | 66.01 | 71.17 | OK | |
r-release-macos-arm64 | 1.1.2 | 56.00 | OK | |||
r-release-macos-x86_64 | 1.1.2 | 83.00 | OK | |||
r-release-windows-x86_64 | 1.1.2 | 10.00 | 93.00 | 103.00 | OK | |
r-oldrel-macos-arm64 | 1.1.2 | 64.00 | OK | |||
r-oldrel-macos-x86_64 | 1.1.2 | 86.00 | OK | |||
r-oldrel-windows-x86_64 | 1.1.2 | 9.00 | 131.00 | 140.00 | OK |
Version: 1.1.2
Check: DESCRIPTION meta-information
Result: NOTE
Missing dependency on R >= 4.1.0 because package code uses the pipe
|> or function shorthand \(...) syntax added in R 4.1.0.
File(s) using such syntax:
‘import_instruments.R’ ‘make_choose_all_table.R’
Flavors: r-devel-linux-x86_64-debian-clang, r-devel-linux-x86_64-debian-gcc, r-devel-linux-x86_64-fedora-clang, r-devel-linux-x86_64-fedora-gcc, r-devel-macos-x86_64, r-devel-windows-x86_64
These binaries (installable software) and packages are in development.
They may not be fully stable and should be used with caution. We make no claims about them.