CRAN Package Check Results for Package tidybins

Last updated on 2025-10-23 11:50:31 CEST.

Flavor Version Tinstall Tcheck Ttotal Status Flags
r-devel-linux-x86_64-debian-clang 0.1.1 2.70 39.70 42.40 OK
r-devel-linux-x86_64-debian-gcc 0.1.1 1.51 30.33 31.84 OK
r-devel-linux-x86_64-fedora-clang 0.1.1 15.00 53.62 68.62 NOTE
r-devel-linux-x86_64-fedora-gcc 0.1.1 72.88 NOTE
r-devel-windows-x86_64 0.1.1 6.00 64.00 70.00 OK
r-patched-linux-x86_64 0.1.1 2.90 36.75 39.65 OK
r-release-linux-x86_64 0.1.1 2.65 36.93 39.58 OK
r-release-macos-arm64 0.1.1 1.00 26.00 27.00 OK
r-release-macos-x86_64 0.1.1 2.00 46.00 48.00 OK
r-release-windows-x86_64 0.1.1 6.00 64.00 70.00 OK
r-oldrel-macos-arm64 0.1.1 1.00 29.00 30.00 OK
r-oldrel-macos-x86_64 0.1.1 3.00 63.00 66.00 OK
r-oldrel-windows-x86_64 0.1.1 7.00 72.00 79.00 OK

Check Details

Version: 0.1.1
Check: dependencies in R code
Result: NOTE Namespaces in Imports field not imported from: ‘badger’ ‘ggplot2’ ‘lubridate’ ‘scales’ ‘xgboost’ All declared Imports should be used. Flavors: r-devel-linux-x86_64-fedora-clang, r-devel-linux-x86_64-fedora-gcc

These binaries (installable software) and packages are in development.
They may not be fully stable and should be used with caution. We make no claims about them.