Last updated on 2025-05-01 12:49:43 CEST.
Flavor | Version | Tinstall | Tcheck | Ttotal | Status | Flags |
---|---|---|---|---|---|---|
r-devel-linux-x86_64-debian-clang | 0.1.1 | 2.80 | 36.98 | 39.78 | NOTE | |
r-devel-linux-x86_64-debian-gcc | 0.1.1 | 1.93 | 28.51 | 30.44 | OK | |
r-devel-linux-x86_64-fedora-clang | 0.1.1 | 64.82 | NOTE | |||
r-devel-linux-x86_64-fedora-gcc | 0.1.1 | 77.87 | NOTE | |||
r-devel-windows-x86_64 | 0.1.1 | 6.00 | 68.00 | 74.00 | OK | |
r-patched-linux-x86_64 | 0.1.1 | 2.86 | 33.93 | 36.79 | OK | |
r-release-linux-x86_64 | OK | |||||
r-release-macos-arm64 | 0.1.1 | 27.00 | OK | |||
r-release-macos-x86_64 | 0.1.1 | 48.00 | OK | |||
r-release-windows-x86_64 | 0.1.1 | 7.00 | 71.00 | 78.00 | OK | |
r-oldrel-macos-arm64 | 0.1.1 | 30.00 | OK | |||
r-oldrel-macos-x86_64 | 0.1.1 | 66.00 | OK | |||
r-oldrel-windows-x86_64 | 0.1.1 | 6.00 | 68.00 | 74.00 | OK |
Version: 0.1.1
Check: examples
Result: NOTE
Examples with CPU (user + system) or elapsed time > 5s
user system elapsed
bin_cols 3.863 0.368 6.076
Flavor: r-devel-linux-x86_64-debian-clang
Version: 0.1.1
Check: dependencies in R code
Result: NOTE
Namespaces in Imports field not imported from:
‘badger’ ‘ggplot2’ ‘lubridate’ ‘scales’ ‘xgboost’
All declared Imports should be used.
Flavors: r-devel-linux-x86_64-fedora-clang, r-devel-linux-x86_64-fedora-gcc
These binaries (installable software) and packages are in development.
They may not be fully stable and should be used with caution. We make no claims about them.