CRAN Package Check Results for Package tidycat

Last updated on 2025-10-03 01:50:06 CEST.

Flavor Version Tinstall Tcheck Ttotal Status Flags
r-devel-linux-x86_64-debian-clang 0.1.2 1.79 43.13 44.92 OK
r-devel-linux-x86_64-debian-gcc 0.1.2 1.37 34.16 35.53 OK
r-devel-linux-x86_64-fedora-clang 0.1.2 65.05 NOTE
r-devel-linux-x86_64-fedora-gcc 0.1.2 84.79 NOTE
r-devel-windows-x86_64 0.1.2 4.00 57.00 61.00 OK
r-patched-linux-x86_64 0.1.2 1.89 41.69 43.58 OK
r-release-linux-x86_64 0.1.2 1.63 41.54 43.17 OK
r-release-macos-arm64 0.1.2 28.00 OK
r-release-macos-x86_64 0.1.2 50.00 OK
r-release-windows-x86_64 0.1.2 3.00 57.00 60.00 OK
r-oldrel-macos-arm64 0.1.2 27.00 OK
r-oldrel-macos-x86_64 0.1.2 41.00 OK
r-oldrel-windows-x86_64 0.1.2 5.00 67.00 72.00 OK

Check Details

Version: 0.1.2
Check: dependencies in R code
Result: NOTE Namespace in Imports field not imported from: ‘tidyr’ All declared Imports should be used. Flavors: r-devel-linux-x86_64-fedora-clang, r-devel-linux-x86_64-fedora-gcc

These binaries (installable software) and packages are in development.
They may not be fully stable and should be used with caution. We make no claims about them.