CRAN Package Check Results for Package tidycat

Last updated on 2025-05-01 14:49:25 CEST.

Flavor Version Tinstall Tcheck Ttotal Status Flags
r-devel-linux-x86_64-debian-clang 0.1.2 1.94 39.09 41.03 OK
r-devel-linux-x86_64-debian-gcc 0.1.2 1.45 30.44 31.89 OK
r-devel-linux-x86_64-fedora-clang 0.1.2 65.22 NOTE
r-devel-linux-x86_64-fedora-gcc 0.1.2 74.80 NOTE
r-devel-windows-x86_64 0.1.2 3.00 54.00 57.00 OK
r-patched-linux-x86_64 0.1.2 1.96 38.11 40.07 OK
r-release-linux-x86_64 OK
r-release-macos-arm64 0.1.2 28.00 OK
r-release-macos-x86_64 0.1.2 50.00 OK
r-release-windows-x86_64 0.1.2 4.00 56.00 60.00 OK
r-oldrel-macos-arm64 0.1.2 27.00 OK
r-oldrel-macos-x86_64 0.1.2 41.00 OK
r-oldrel-windows-x86_64 0.1.2 4.00 60.00 64.00 OK

Check Details

Version: 0.1.2
Check: dependencies in R code
Result: NOTE Namespace in Imports field not imported from: ‘tidyr’ All declared Imports should be used. Flavors: r-devel-linux-x86_64-fedora-clang, r-devel-linux-x86_64-fedora-gcc

These binaries (installable software) and packages are in development.
They may not be fully stable and should be used with caution. We make no claims about them.