Last updated on 2024-07-27 15:50:36 CEST.
Flavor | Version | Tinstall | Tcheck | Ttotal | Status | Flags |
---|---|---|---|---|---|---|
r-devel-linux-x86_64-debian-clang | 1.6.3 | 16.18 | 104.95 | 121.13 | OK | |
r-devel-linux-x86_64-debian-gcc | 1.6.5 | OK | ||||
r-devel-linux-x86_64-fedora-clang | 1.6.5 | 165.21 | NOTE | |||
r-devel-linux-x86_64-fedora-gcc | 1.6.5 | 150.11 | NOTE | |||
r-devel-windows-x86_64 | 1.6.5 | 16.00 | 90.00 | 106.00 | OK | |
r-patched-linux-x86_64 | 1.6.3 | OK | ||||
r-release-linux-x86_64 | 1.6.3 | 10.68 | 100.90 | 111.58 | OK | |
r-release-macos-arm64 | 1.6.5 | 42.00 | OK | |||
r-release-macos-x86_64 | 1.6.5 | 125.00 | OK | |||
r-release-windows-x86_64 | 1.6.5 | 16.00 | 92.00 | 108.00 | OK | |
r-oldrel-macos-arm64 | 1.6.5 | 46.00 | OK | |||
r-oldrel-macos-x86_64 | 1.6.5 | 79.00 | OK | |||
r-oldrel-windows-x86_64 | 1.6.5 | 16.00 | 105.00 | 121.00 | OK |
Version: 1.6.5
Check: data for non-ASCII characters
Result: NOTE
Note: found 2 marked UTF-8 strings
Flavors: r-devel-linux-x86_64-fedora-clang, r-devel-linux-x86_64-fedora-gcc
These binaries (installable software) and packages are in development.
They may not be fully stable and should be used with caution. We make no claims about them.