CRAN Package Check Results for Package tidycensus

Last updated on 2025-10-23 23:49:48 CEST.

Flavor Version Tinstall Tcheck Ttotal Status Flags
r-devel-linux-x86_64-debian-clang 1.7.3 15.07 94.20 109.27 NOTE
r-devel-linux-x86_64-debian-gcc 1.7.3 9.19 64.26 73.45 OK
r-devel-linux-x86_64-fedora-clang 1.7.3 77.00 81.64 158.64 OK
r-devel-linux-x86_64-fedora-gcc 1.7.3 29.00 121.63 150.63 OK
r-devel-windows-x86_64 1.7.3 15.00 93.00 108.00 OK
r-patched-linux-x86_64 1.7.3 14.07 83.32 97.39 OK
r-release-linux-x86_64 1.7.3 14.70 84.17 98.87 OK
r-release-macos-arm64 1.7.3 7.00 36.00 43.00 OK
r-release-macos-x86_64 1.7.3 15.00 89.00 104.00 OK
r-release-windows-x86_64 1.7.3 18.00 95.00 113.00 OK
r-oldrel-macos-arm64 1.7.3 7.00 40.00 47.00 OK
r-oldrel-macos-x86_64 1.7.3 15.00 79.00 94.00 OK
r-oldrel-windows-x86_64 1.7.3 21.00 118.00 139.00 OK

Check Details

Version: 1.7.3
Check: HTML version of manual
Result: NOTE Found the following HTML validation problems: check_ddhca_groups.html:58:1 (check_ddhca_groups.Rd:16): Warning: missing </ul> before </div> Flavor: r-devel-linux-x86_64-debian-clang

These binaries (installable software) and packages are in development.
They may not be fully stable and should be used with caution. We make no claims about them.