Last updated on 2025-05-01 12:49:43 CEST.
Flavor | Version | Tinstall | Tcheck | Ttotal | Status | Flags |
---|---|---|---|---|---|---|
r-devel-linux-x86_64-debian-clang | 1.0.0 | 7.70 | 141.19 | 148.89 | NOTE | |
r-devel-linux-x86_64-debian-gcc | 1.0.0 | 5.84 | 96.88 | 102.72 | OK | |
r-devel-linux-x86_64-fedora-clang | 1.0.0 | 254.87 | OK | |||
r-devel-linux-x86_64-fedora-gcc | 1.0.0 | 231.89 | OK | |||
r-devel-windows-x86_64 | 1.0.0 | 12.00 | 153.00 | 165.00 | OK | |
r-patched-linux-x86_64 | 1.0.0 | 10.05 | 133.36 | 143.41 | OK | |
r-release-linux-x86_64 | OK | |||||
r-release-macos-arm64 | 1.0.0 | 61.00 | OK | |||
r-release-macos-x86_64 | 1.0.0 | 129.00 | OK | |||
r-release-windows-x86_64 | 1.0.0 | 11.00 | 154.00 | 165.00 | OK | |
r-oldrel-macos-arm64 | 1.0.0 | 77.00 | OK | |||
r-oldrel-macos-x86_64 | 1.0.0 | 127.00 | OK | |||
r-oldrel-windows-x86_64 | 1.0.0 | 13.00 | 198.00 | 211.00 | OK |
Version: 1.0.0
Check: examples
Result: NOTE
Examples with CPU (user + system) or elapsed time > 5s
user system elapsed
diagnose 7.832 0.091 10.667
model_args 6.032 0.000 7.878
evolve_gbmdl 4.426 0.004 5.605
build_gabin_population 3.846 0.016 5.335
Flavor: r-devel-linux-x86_64-debian-clang
Version: 1.0.0
Check: examples
Result: NA
user system elapsed
diagnose 5.135 0.14 7.96
OK
Flavor: r-devel-linux-x86_64-debian-gcc
These binaries (installable software) and packages are in development.
They may not be fully stable and should be used with caution. We make no claims about them.