Last updated on 2025-10-23 11:50:31 CEST.
Flavor | Version | Tinstall | Tcheck | Ttotal | Status | Flags |
---|---|---|---|---|---|---|
r-devel-linux-x86_64-debian-clang | 1.1.0 | 12.46 | 143.28 | 155.74 | NOTE | |
r-devel-linux-x86_64-debian-gcc | 1.1.0 | 8.28 | 97.65 | 105.93 | NOTE | |
r-devel-linux-x86_64-fedora-clang | 1.1.0 | 87.00 | 172.51 | 259.51 | NOTE | |
r-devel-linux-x86_64-fedora-gcc | 1.1.0 | 64.00 | 177.10 | 241.10 | NOTE | |
r-devel-windows-x86_64 | 1.1.0 | 13.00 | 132.00 | 145.00 | OK | |
r-patched-linux-x86_64 | 1.1.0 | 11.25 | 133.05 | 144.30 | OK | |
r-release-linux-x86_64 | 1.1.0 | 11.71 | 132.79 | 144.50 | OK | |
r-release-macos-arm64 | 1.1.0 | 8.00 | 52.00 | 60.00 | OK | |
r-release-macos-x86_64 | 1.1.0 | 9.00 | 113.00 | 122.00 | OK | |
r-release-windows-x86_64 | 1.1.0 | 14.00 | 132.00 | 146.00 | OK | |
r-oldrel-macos-arm64 | 1.1.0 | 5.00 | 53.00 | 58.00 | OK | |
r-oldrel-macos-x86_64 | 1.1.0 | 13.00 | 143.00 | 156.00 | OK | |
r-oldrel-windows-x86_64 | 1.1.0 | 18.00 | 172.00 | 190.00 | OK |
Version: 1.1.0
Check: HTML version of manual
Result: NOTE
Found the following HTML validation problems:
print.html:54:1 (print.Rd:16): Warning: missing </ul> before </div>
Flavor: r-devel-linux-x86_64-debian-clang
Version: 1.1.0
Check: Rd files
Result: NOTE
checkRd: (-1) add_cuminc.Rd:53: height/width attributes should be in pixels
checkRd: (-1) add_cuminc.Rd:57: height/width attributes should be in pixels
checkRd: (-1) tbl_cuminc.Rd:57: height/width attributes should be in pixels
checkRd: (-1) tbl_cuminc.Rd:61: height/width attributes should be in pixels
Flavors: r-devel-linux-x86_64-debian-gcc, r-devel-linux-x86_64-fedora-clang, r-devel-linux-x86_64-fedora-gcc
These binaries (installable software) and packages are in development.
They may not be fully stable and should be used with caution. We make no claims about them.