Last updated on 2025-05-02 06:49:48 CEST.
Flavor | Version | Tinstall | Tcheck | Ttotal | Status | Flags |
---|---|---|---|---|---|---|
r-devel-linux-x86_64-debian-clang | 1.1.0 | 11.41 | 132.30 | 143.71 | NOTE | |
r-devel-linux-x86_64-debian-gcc | 1.1.0 | 8.20 | 94.84 | 103.04 | OK | |
r-devel-linux-x86_64-fedora-clang | 1.1.0 | 213.22 | OK | |||
r-devel-linux-x86_64-fedora-gcc | 1.1.0 | 203.93 | OK | |||
r-devel-windows-x86_64 | 1.1.0 | 12.00 | 125.00 | 137.00 | OK | |
r-patched-linux-x86_64 | 1.1.0 | 10.26 | 124.46 | 134.72 | OK | |
r-release-linux-x86_64 | OK | |||||
r-release-macos-arm64 | 1.1.0 | 60.00 | OK | |||
r-release-macos-x86_64 | 1.1.0 | 122.00 | OK | |||
r-release-windows-x86_64 | 1.1.0 | 14.00 | 125.00 | 139.00 | OK | |
r-oldrel-macos-arm64 | 1.1.0 | 58.00 | OK | |||
r-oldrel-macos-x86_64 | 1.1.0 | 156.00 | OK | |||
r-oldrel-windows-x86_64 | 1.1.0 | 16.00 | 160.00 | 176.00 | OK |
Version: 1.1.0
Check: examples
Result: NOTE
Examples with CPU (user + system) or elapsed time > 5s
user system elapsed
gtsummary_s3_methods 4.881 0.032 6.326
Flavor: r-devel-linux-x86_64-debian-clang
These binaries (installable software) and packages are in development.
They may not be fully stable and should be used with caution. We make no claims about them.