Last updated on 2025-05-01 12:49:43 CEST.
Flavor | Version | Tinstall | Tcheck | Ttotal | Status | Flags |
---|---|---|---|---|---|---|
r-devel-linux-x86_64-debian-clang | 0.1.1 | 3.05 | 36.40 | 39.45 | OK | |
r-devel-linux-x86_64-debian-gcc | 0.1.1 | 2.15 | 28.81 | 30.96 | OK | |
r-devel-linux-x86_64-fedora-clang | 0.1.1 | 66.83 | OK | |||
r-devel-linux-x86_64-fedora-gcc | 0.1.1 | 72.17 | OK | |||
r-devel-windows-x86_64 | 0.1.1 | 6.00 | 62.00 | 68.00 | OK | |
r-patched-linux-x86_64 | 0.1.1 | 2.92 | 33.94 | 36.86 | OK | |
r-release-linux-x86_64 | OK | |||||
r-release-macos-arm64 | 0.1.1 | 27.00 | OK | |||
r-release-macos-x86_64 | 0.1.1 | 46.00 | OK | |||
r-release-windows-x86_64 | 0.1.1 | 6.00 | 66.00 | 72.00 | OK | |
r-oldrel-macos-arm64 | 0.1.1 | 27.00 | NOTE | |||
r-oldrel-macos-x86_64 | 0.1.1 | 42.00 | NOTE | |||
r-oldrel-windows-x86_64 | 0.1.1 | 5.00 | 64.00 | 69.00 | NOTE |
Version: 0.1.1
Check: LazyData
Result: NOTE
'LazyData' is specified without a 'data' directory
Flavors: r-oldrel-macos-arm64, r-oldrel-macos-x86_64, r-oldrel-windows-x86_64
These binaries (installable software) and packages are in development.
They may not be fully stable and should be used with caution. We make no claims about them.