Last updated on 2025-05-08 04:52:21 CEST.
Flavor | Version | Tinstall | Tcheck | Ttotal | Status | Flags |
---|---|---|---|---|---|---|
r-devel-linux-x86_64-debian-clang | 0.4.1 | 7.48 | 147.30 | 154.78 | NOTE | |
r-devel-linux-x86_64-debian-gcc | 0.4.1 | 5.50 | 102.77 | 108.27 | NOTE | |
r-devel-linux-x86_64-fedora-clang | 0.4.1 | 265.75 | OK | |||
r-devel-linux-x86_64-fedora-gcc | 0.4.1 | 259.52 | OK | |||
r-devel-windows-x86_64 | 0.4.1 | 9.00 | 154.00 | 163.00 | NOTE | |
r-patched-linux-x86_64 | 0.4.1 | 8.20 | 136.90 | 145.10 | NOTE | |
r-release-linux-x86_64 | 0.4.1 | 7.53 | 136.23 | 143.76 | NOTE | |
r-release-macos-arm64 | 0.4.1 | 77.00 | OK | |||
r-release-macos-x86_64 | 0.4.1 | 140.00 | OK | |||
r-release-windows-x86_64 | 0.4.1 | 10.00 | 154.00 | 164.00 | NOTE | |
r-oldrel-macos-arm64 | 0.4.1 | 78.00 | OK | |||
r-oldrel-macos-x86_64 | 0.4.1 | 109.00 | OK | |||
r-oldrel-windows-x86_64 | 0.4.1 | 12.00 | 190.00 | 202.00 | OK |
Version: 0.4.1
Check: Rd cross-references
Result: NOTE
Found the following Rd file(s) with Rd \link{} targets missing package
anchors:
design_gray.Rd: ggplot2
design_grey.Rd: ggplot2
design_lmu.Rd: ggplot2
new_tdcmm.Rd: tibble
visualize.Rd: ggplot2
Please provide package anchors for all Rd \link{} targets not in the
package itself and the base packages.
Flavors: r-devel-linux-x86_64-debian-clang, r-devel-linux-x86_64-debian-gcc, r-devel-windows-x86_64, r-patched-linux-x86_64, r-release-linux-x86_64, r-release-windows-x86_64
These binaries (installable software) and packages are in development.
They may not be fully stable and should be used with caution. We make no claims about them.