Last updated on 2025-02-16 08:51:03 CET.
Flavor | Version | Tinstall | Tcheck | Ttotal | Status | Flags |
---|---|---|---|---|---|---|
r-devel-linux-x86_64-debian-clang | 0.4.1 | 8.38 | 149.78 | 158.16 | NOTE | |
r-devel-linux-x86_64-debian-gcc | 0.4.1 | 5.24 | 103.33 | 108.57 | NOTE | |
r-devel-linux-x86_64-fedora-clang | 0.4.1 | 258.16 | OK | |||
r-devel-linux-x86_64-fedora-gcc | 0.4.1 | 250.08 | OK | |||
r-devel-macos-arm64 | 0.4.1 | 75.00 | OK | |||
r-devel-macos-x86_64 | 0.4.1 | 140.00 | OK | |||
r-devel-windows-x86_64 | 0.4.1 | 10.00 | 160.00 | 170.00 | NOTE | |
r-patched-linux-x86_64 | 0.4.1 | 14.03 | 140.19 | 154.22 | OK | |
r-release-linux-x86_64 | 0.4.1 | 7.76 | 139.89 | 147.65 | OK | |
r-release-macos-arm64 | 0.4.1 | 78.00 | OK | |||
r-release-macos-x86_64 | 0.4.1 | 109.00 | OK | |||
r-release-windows-x86_64 | 0.4.1 | 10.00 | 158.00 | 168.00 | OK | |
r-oldrel-macos-arm64 | 0.4.1 | 56.00 | OK | |||
r-oldrel-macos-x86_64 | 0.4.1 | 91.00 | OK | |||
r-oldrel-windows-x86_64 | 0.4.1 | 11.00 | 200.00 | 211.00 | OK |
Version: 0.4.1
Check: Rd cross-references
Result: NOTE
Found the following Rd file(s) with Rd \link{} targets missing package
anchors:
design_gray.Rd: ggplot2
design_grey.Rd: ggplot2
design_lmu.Rd: ggplot2
new_tdcmm.Rd: tibble
visualize.Rd: ggplot2
Please provide package anchors for all Rd \link{} targets not in the
package itself and the base packages.
Flavors: r-devel-linux-x86_64-debian-clang, r-devel-linux-x86_64-debian-gcc, r-devel-windows-x86_64
These binaries (installable software) and packages are in development.
They may not be fully stable and should be used with caution. We make no claims about them.