Last updated on 2025-05-08 04:52:21 CEST.
Flavor | Version | Tinstall | Tcheck | Ttotal | Status | Flags |
---|---|---|---|---|---|---|
r-devel-linux-x86_64-debian-clang | 0.4.0 | 5.80 | 44.55 | 50.35 | NOTE | |
r-devel-linux-x86_64-debian-gcc | 0.4.0 | 3.46 | 31.22 | 34.68 | NOTE | |
r-devel-linux-x86_64-fedora-clang | 0.4.0 | 78.45 | OK | |||
r-devel-linux-x86_64-fedora-gcc | 0.4.0 | 67.73 | OK | |||
r-devel-windows-x86_64 | 0.4.0 | 10.00 | 62.00 | 72.00 | OK | |
r-patched-linux-x86_64 | 0.4.0 | 5.19 | 37.13 | 42.32 | OK | |
r-release-linux-x86_64 | 0.4.0 | 4.81 | 37.21 | 42.02 | OK | |
r-release-macos-arm64 | 0.4.0 | 25.00 | OK | |||
r-release-macos-x86_64 | 0.4.0 | 42.00 | OK | |||
r-release-windows-x86_64 | 0.4.0 | 9.00 | 63.00 | 72.00 | OK | |
r-oldrel-macos-arm64 | 0.4.0 | 25.00 | OK | |||
r-oldrel-macos-x86_64 | 0.4.0 | 35.00 | OK | |||
r-oldrel-windows-x86_64 | 0.4.0 | 9.00 | 71.00 | 80.00 | OK |
Version: 0.4.0
Check: DESCRIPTION meta-information
Result: NOTE
Author field differs from that derived from Authors@R
Author: ‘Tyson Barrett [aut, cre] (<https://orcid.org/0000-0002-2137-1391>), Mark Fairbanks [ctb], Ivan Leung [ctb], Indrajeet Patil [ctb] (<https://orcid.org/0000-0003-1995-6531>, @patilindrajeets)’
Authors@R: ‘Tyson Barrett [aut, cre] (ORCID: <https://orcid.org/0000-0002-2137-1391>), Mark Fairbanks [ctb], Ivan Leung [ctb], Indrajeet Patil [ctb] (ORCID: <https://orcid.org/0000-0003-1995-6531>, Twitter: @patilindrajeets)’
Flavors: r-devel-linux-x86_64-debian-clang, r-devel-linux-x86_64-debian-gcc
These binaries (installable software) and packages are in development.
They may not be fully stable and should be used with caution. We make no claims about them.