Last updated on 2024-07-27 15:50:36 CEST.
Flavor | Version | Tinstall | Tcheck | Ttotal | Status | Flags |
---|---|---|---|---|---|---|
r-devel-linux-x86_64-debian-clang | 0.5.7 | 5.11 | 64.22 | 69.33 | OK | |
r-devel-linux-x86_64-debian-gcc | 0.5.7 | OK | ||||
r-devel-linux-x86_64-fedora-clang | 0.5.7 | 95.83 | NOTE | |||
r-devel-linux-x86_64-fedora-gcc | 0.5.7 | 101.73 | OK | |||
r-devel-windows-x86_64 | 0.5.7 | 8.00 | 77.00 | 85.00 | OK | |
r-patched-linux-x86_64 | 0.5.7 | OK | ||||
r-release-linux-x86_64 | 0.5.7 | 5.73 | 65.59 | 71.32 | OK | |
r-release-macos-arm64 | 0.5.7 | 36.00 | OK | |||
r-release-macos-x86_64 | 0.5.7 | 57.00 | OK | |||
r-release-windows-x86_64 | 0.5.7 | 6.00 | 76.00 | 82.00 | OK | |
r-oldrel-macos-arm64 | 0.5.7 | 41.00 | OK | |||
r-oldrel-macos-x86_64 | 0.5.7 | 56.00 | OK | |||
r-oldrel-windows-x86_64 | 0.5.7 | 8.00 | 80.00 | 88.00 | OK |
Version: 0.5.7
Check: Rd cross-references
Result: NOTE
Undeclared packages ‘tidyfst’, ‘tidyr’, ‘fastDummies’ in Rd xrefs
Flavor: r-devel-linux-x86_64-fedora-clang
These binaries (installable software) and packages are in development.
They may not be fully stable and should be used with caution. We make no claims about them.