CRAN Package Check Results for Package tidygapminder

Last updated on 2025-10-23 11:50:31 CEST.

Flavor Version Tinstall Tcheck Ttotal Status Flags
r-devel-linux-x86_64-debian-clang 0.1.1 1.69 29.74 31.43 OK
r-devel-linux-x86_64-debian-gcc 0.1.1 1.37 23.59 24.96 OK
r-devel-linux-x86_64-fedora-clang 0.1.1 10.00 38.64 48.64 NOTE
r-devel-linux-x86_64-fedora-gcc 0.1.1 57.55 NOTE
r-devel-windows-x86_64 0.1.1 3.00 47.00 50.00 OK
r-patched-linux-x86_64 0.1.1 1.66 26.52 28.18 OK
r-release-linux-x86_64 0.1.1 1.51 26.38 27.89 OK
r-release-macos-arm64 0.1.1 1.00 23.00 24.00 OK
r-release-macos-x86_64 0.1.1 2.00 44.00 46.00 OK
r-release-windows-x86_64 0.1.1 4.00 48.00 52.00 OK
r-oldrel-macos-arm64 0.1.1 1.00 25.00 26.00 NOTE
r-oldrel-macos-x86_64 0.1.1 2.00 34.00 36.00 NOTE
r-oldrel-windows-x86_64 0.1.1 4.00 54.00 58.00 NOTE

Check Details

Version: 0.1.1
Check: dependencies in R code
Result: NOTE Namespace in Imports field not imported from: ‘dplyr’ All declared Imports should be used. Flavors: r-devel-linux-x86_64-fedora-clang, r-devel-linux-x86_64-fedora-gcc

Version: 0.1.1
Check: LazyData
Result: NOTE 'LazyData' is specified without a 'data' directory Flavors: r-oldrel-macos-arm64, r-oldrel-macos-x86_64, r-oldrel-windows-x86_64

These binaries (installable software) and packages are in development.
They may not be fully stable and should be used with caution. We make no claims about them.