Last updated on 2025-02-16 08:51:03 CET.
Flavor | Version | Tinstall | Tcheck | Ttotal | Status | Flags |
---|---|---|---|---|---|---|
r-devel-linux-x86_64-debian-clang | 1.0.14 | 8.15 | 66.86 | 75.01 | NOTE | |
r-devel-linux-x86_64-debian-gcc | 1.0.14 | 5.66 | 47.98 | 53.64 | NOTE | |
r-devel-linux-x86_64-fedora-clang | 1.0.14 | 119.56 | NOTE | |||
r-devel-linux-x86_64-fedora-gcc | 1.0.14 | 121.02 | NOTE | |||
r-devel-macos-arm64 | 1.0.14 | 44.00 | OK | |||
r-devel-macos-x86_64 | 1.0.14 | 73.00 | NOTE | |||
r-devel-windows-x86_64 | 1.0.14 | 9.00 | 86.00 | 95.00 | NOTE | |
r-patched-linux-x86_64 | 1.0.14 | 8.10 | 60.34 | 68.44 | OK | |
r-release-linux-x86_64 | 1.0.14 | 7.44 | 60.79 | 68.23 | OK | |
r-release-macos-arm64 | 1.0.14 | 42.00 | OK | |||
r-release-macos-x86_64 | 1.0.14 | 73.00 | OK | |||
r-release-windows-x86_64 | 1.0.14 | 11.00 | 79.00 | 90.00 | OK | |
r-oldrel-macos-arm64 | 1.0.14 | 41.00 | OK | |||
r-oldrel-macos-x86_64 | 1.0.14 | 75.00 | OK | |||
r-oldrel-windows-x86_64 | 1.0.14 | 12.00 | 87.00 | 99.00 | OK |
Version: 1.0.14
Check: DESCRIPTION meta-information
Result: NOTE
Missing dependency on R >= 4.1.0 because package code uses the pipe
|> or function shorthand \(...) syntax added in R 4.1.0.
File(s) using such syntax:
‘functions_chr_int.R’ ‘gate_app.R’ ‘methods.R’
Flavors: r-devel-linux-x86_64-debian-clang, r-devel-linux-x86_64-debian-gcc, r-devel-linux-x86_64-fedora-clang, r-devel-linux-x86_64-fedora-gcc, r-devel-macos-x86_64, r-devel-windows-x86_64
These binaries (installable software) and packages are in development.
They may not be fully stable and should be used with caution. We make no claims about them.