CRAN Package Check Results for Package tidygenomics

Last updated on 2025-05-08 04:52:21 CEST.

Flavor Version Tinstall Tcheck Ttotal Status Flags
r-devel-linux-x86_64-debian-clang 0.1.2 13.32 60.97 74.29 NOTE
r-devel-linux-x86_64-debian-gcc 0.1.2 8.97 43.50 52.47 NOTE
r-devel-linux-x86_64-fedora-clang 0.1.2 134.17 NOTE
r-devel-linux-x86_64-fedora-gcc 0.1.2 127.37 NOTE
r-devel-windows-x86_64 0.1.2 18.00 88.00 106.00 NOTE
r-patched-linux-x86_64 0.1.2 14.02 56.03 70.05 NOTE
r-release-linux-x86_64 0.1.2 13.11 56.62 69.73 NOTE
r-release-macos-arm64 0.1.2 42.00 NOTE
r-release-macos-x86_64 0.1.2 83.00 NOTE
r-release-windows-x86_64 0.1.2 21.00 92.00 113.00 NOTE
r-oldrel-macos-arm64 0.1.2 41.00 NOTE
r-oldrel-macos-x86_64 0.1.2 64.00 NOTE
r-oldrel-windows-x86_64 0.1.2 23.00 110.00 133.00 NOTE

Check Details

Version: 0.1.2
Check: package subdirectories
Result: NOTE Problems with news in ‘NEWS.md’: Cannot extract version info from the following section titles: Initial Release (v0.1.0) Flavors: r-devel-linux-x86_64-debian-clang, r-devel-linux-x86_64-debian-gcc, r-devel-linux-x86_64-fedora-clang, r-devel-linux-x86_64-fedora-gcc, r-devel-windows-x86_64, r-patched-linux-x86_64, r-release-linux-x86_64, r-release-macos-arm64, r-release-macos-x86_64, r-release-windows-x86_64, r-oldrel-macos-arm64, r-oldrel-macos-x86_64, r-oldrel-windows-x86_64

Version: 0.1.2
Check: LazyData
Result: NOTE 'LazyData' is specified without a 'data' directory Flavors: r-oldrel-macos-arm64, r-oldrel-macos-x86_64, r-oldrel-windows-x86_64

These binaries (installable software) and packages are in development.
They may not be fully stable and should be used with caution. We make no claims about them.