Last updated on 2025-10-03 05:53:55 CEST.
Flavor | Version | Tinstall | Tcheck | Ttotal | Status | Flags |
---|---|---|---|---|---|---|
r-devel-linux-x86_64-debian-clang | 0.1.2 | 14.10 | 63.00 | 77.10 | NOTE | |
r-devel-linux-x86_64-debian-gcc | 0.1.2 | 9.16 | 46.15 | 55.31 | NOTE | |
r-devel-linux-x86_64-fedora-clang | 0.1.2 | 121.69 | NOTE | |||
r-devel-linux-x86_64-fedora-gcc | 0.1.2 | 137.01 | NOTE | |||
r-devel-windows-x86_64 | 0.1.2 | 20.00 | 89.00 | 109.00 | NOTE | |
r-patched-linux-x86_64 | 0.1.2 | 13.37 | 57.08 | 70.45 | NOTE | |
r-release-linux-x86_64 | 0.1.2 | 13.32 | 57.21 | 70.53 | NOTE | |
r-release-macos-arm64 | 0.1.2 | 42.00 | NOTE | |||
r-release-macos-x86_64 | 0.1.2 | 83.00 | NOTE | |||
r-release-windows-x86_64 | 0.1.2 | 19.00 | 89.00 | 108.00 | NOTE | |
r-oldrel-macos-arm64 | 0.1.2 | 41.00 | NOTE | |||
r-oldrel-macos-x86_64 | 0.1.2 | 64.00 | NOTE | |||
r-oldrel-windows-x86_64 | 0.1.2 | 25.00 | 115.00 | 140.00 | NOTE |
Version: 0.1.2
Check: package subdirectories
Result: NOTE
Problems with news in ‘NEWS.md’:
Cannot extract version info from the following section titles:
Initial Release (v0.1.0)
Flavors: r-devel-linux-x86_64-debian-clang, r-devel-linux-x86_64-debian-gcc, r-devel-linux-x86_64-fedora-clang, r-devel-linux-x86_64-fedora-gcc, r-devel-windows-x86_64, r-patched-linux-x86_64, r-release-linux-x86_64, r-release-macos-arm64, r-release-macos-x86_64, r-release-windows-x86_64, r-oldrel-macos-arm64, r-oldrel-macos-x86_64, r-oldrel-windows-x86_64
Version: 0.1.2
Check: LazyData
Result: NOTE
'LazyData' is specified without a 'data' directory
Flavors: r-oldrel-macos-arm64, r-oldrel-macos-x86_64, r-oldrel-windows-x86_64
These binaries (installable software) and packages are in development.
They may not be fully stable and should be used with caution. We make no claims about them.