Last updated on 2025-02-02 14:48:36 CET.
Flavor | Version | Tinstall | Tcheck | Ttotal | Status | Flags |
---|---|---|---|---|---|---|
r-devel-linux-x86_64-debian-clang | 0.1.2 | 13.75 | 59.23 | 72.98 | NOTE | |
r-devel-linux-x86_64-debian-gcc | 0.1.2 | 8.58 | 44.69 | 53.27 | NOTE | |
r-devel-linux-x86_64-fedora-clang | 0.1.2 | 125.39 | NOTE | |||
r-devel-linux-x86_64-fedora-gcc | 0.1.2 | 125.50 | NOTE | |||
r-devel-windows-x86_64 | 0.1.2 | 19.00 | 87.00 | 106.00 | NOTE | |
r-patched-linux-x86_64 | 0.1.2 | 12.83 | 54.16 | 66.99 | NOTE | |
r-release-linux-x86_64 | 0.1.2 | 12.58 | 54.64 | 67.22 | NOTE | |
r-release-macos-arm64 | 0.1.2 | 41.00 | NOTE | |||
r-release-macos-x86_64 | 0.1.2 | 64.00 | NOTE | |||
r-release-windows-x86_64 | 0.1.2 | 17.00 | 88.00 | 105.00 | NOTE | |
r-oldrel-macos-arm64 | 0.1.2 | 44.00 | NOTE | |||
r-oldrel-macos-x86_64 | 0.1.2 | 67.00 | NOTE | |||
r-oldrel-windows-x86_64 | 0.1.2 | 19.00 | 104.00 | 123.00 | NOTE |
Version: 0.1.2
Check: package subdirectories
Result: NOTE
Problems with news in ‘NEWS.md’:
Cannot extract version info from the following section titles:
Initial Release (v0.1.0)
Flavors: r-devel-linux-x86_64-debian-clang, r-devel-linux-x86_64-debian-gcc, r-devel-linux-x86_64-fedora-clang, r-devel-linux-x86_64-fedora-gcc, r-devel-windows-x86_64, r-patched-linux-x86_64, r-release-linux-x86_64, r-release-macos-arm64, r-release-macos-x86_64, r-release-windows-x86_64, r-oldrel-macos-arm64, r-oldrel-macos-x86_64, r-oldrel-windows-x86_64
Version: 0.1.2
Check: LazyData
Result: NOTE
'LazyData' is specified without a 'data' directory
Flavors: r-patched-linux-x86_64, r-release-linux-x86_64, r-release-macos-arm64, r-release-macos-x86_64, r-release-windows-x86_64, r-oldrel-macos-arm64, r-oldrel-macos-x86_64, r-oldrel-windows-x86_64
These binaries (installable software) and packages are in development.
They may not be fully stable and should be used with caution. We make no claims about them.