CRAN Package Check Results for Package tidygeoRSS

Last updated on 2025-10-03 07:49:59 CEST.

Flavor Version Tinstall Tcheck Ttotal Status Flags
r-devel-linux-x86_64-debian-clang 0.0.1 6.97 59.96 66.93 NOTE
r-devel-linux-x86_64-debian-gcc 0.0.1 5.47 44.89 50.36 NOTE
r-devel-linux-x86_64-fedora-clang 0.0.1 101.35 OK
r-devel-linux-x86_64-fedora-gcc 0.0.1 106.97 OK
r-devel-windows-x86_64 0.0.1 10.00 69.00 79.00 OK
r-patched-linux-x86_64 0.0.1 6.28 56.11 62.39 OK
r-release-linux-x86_64 0.0.1 7.09 56.63 63.72 OK
r-release-macos-arm64 0.0.1 39.00 OK
r-release-macos-x86_64 0.0.1 53.00 OK
r-release-windows-x86_64 0.0.1 10.00 70.00 80.00 OK
r-oldrel-macos-arm64 0.0.1 30.00 OK
r-oldrel-macos-x86_64 0.0.1 44.00 OK
r-oldrel-windows-x86_64 0.0.1 12.00 85.00 97.00 OK

Check Details

Version: 0.0.1
Check: CRAN incoming feasibility
Result: NOTE Maintainer: ‘Robert Myles McDonnell <robertmylesmcdonnell@gmail.com>’ No Authors@R field in DESCRIPTION. Please add one, modifying Authors@R: person(given = c("Robert", "Myles"), family = "McDonnell", role = c("aut", "cre"), email = "robertmylesmcdonnell@gmail.com") as necessary. Flavors: r-devel-linux-x86_64-debian-clang, r-devel-linux-x86_64-debian-gcc

These binaries (installable software) and packages are in development.
They may not be fully stable and should be used with caution. We make no claims about them.