CRAN Package Check Results for Package tidygraph

Last updated on 2025-07-26 01:51:07 CEST.

Flavor Version Tinstall Tcheck Ttotal Status Flags
r-devel-linux-x86_64-debian-clang 1.3.1 14.98 84.96 99.94 NOTE
r-devel-linux-x86_64-debian-gcc 1.3.1 9.44 59.82 69.26 NOTE
r-devel-linux-x86_64-fedora-clang 1.3.1 153.38 NOTE
r-devel-linux-x86_64-fedora-gcc 1.3.1 139.33 NOTE
r-devel-windows-x86_64 1.3.1 20.00 106.00 126.00 NOTE
r-patched-linux-x86_64 1.3.1 14.73 79.01 93.74 NOTE
r-release-linux-x86_64 1.3.1 12.63 78.39 91.02 NOTE
r-release-macos-arm64 1.3.1 44.00 NOTE
r-release-macos-x86_64 1.3.1 78.00 NOTE
r-release-windows-x86_64 1.3.1 19.00 106.00 125.00 NOTE
r-oldrel-macos-arm64 1.3.1 41.00 OK
r-oldrel-macos-x86_64 1.3.1 63.00 OK
r-oldrel-windows-x86_64 1.3.1 22.00 132.00 154.00 OK

Check Details

Version: 1.3.1
Check: DESCRIPTION meta-information
Result: NOTE Missing dependency on R >= 4.1.0 because package code uses the pipe |> or function shorthand \(...) syntax added in R 4.1.0. File(s) using such syntax: ‘iterate.Rd’ ‘random_walk_rank.Rd’ Flavors: r-devel-linux-x86_64-debian-clang, r-devel-linux-x86_64-debian-gcc, r-devel-linux-x86_64-fedora-clang, r-devel-linux-x86_64-fedora-gcc, r-devel-windows-x86_64, r-patched-linux-x86_64, r-release-linux-x86_64, r-release-macos-arm64, r-release-macos-x86_64, r-release-windows-x86_64

These binaries (installable software) and packages are in development.
They may not be fully stable and should be used with caution. We make no claims about them.