Last updated on 2024-07-27 15:50:36 CEST.
Flavor | Version | Tinstall | Tcheck | Ttotal | Status | Flags |
---|---|---|---|---|---|---|
r-devel-linux-x86_64-debian-clang | 1.3.1 | 16.94 | 105.52 | 122.46 | NOTE | |
r-devel-linux-x86_64-debian-gcc | 1.3.1 | NOTE | ||||
r-devel-linux-x86_64-fedora-clang | 1.3.1 | 165.40 | NOTE | |||
r-devel-linux-x86_64-fedora-gcc | 1.3.1 | 146.95 | NOTE | |||
r-devel-windows-x86_64 | 1.3.1 | 21.00 | 105.00 | 126.00 | NOTE | |
r-patched-linux-x86_64 | 1.3.1 | OK | ||||
r-release-linux-x86_64 | 1.3.1 | 12.69 | 96.97 | 109.66 | OK | |
r-release-macos-arm64 | 1.3.1 | 41.00 | OK | |||
r-release-macos-x86_64 | 1.3.1 | 63.00 | OK | |||
r-release-windows-x86_64 | 1.3.1 | 18.00 | 104.00 | 122.00 | OK | |
r-oldrel-macos-arm64 | 1.3.1 | 49.00 | OK | |||
r-oldrel-macos-x86_64 | 1.3.1 | 97.00 | OK | |||
r-oldrel-windows-x86_64 | 1.3.1 | 22.00 | 122.00 | 144.00 | OK |
Version: 1.3.1
Check: compiled code
Result: NOTE
File ‘tidygraph/libs/tidygraph.so’:
Found non-API calls to R: ‘SETLENGTH’, ‘SET_GROWABLE_BIT’,
‘SET_TRUELENGTH’
Compiled code should not call non-API entry points in R.
See ‘Writing portable packages’ in the ‘Writing R Extensions’ manual,
and section ‘Moving into C API compliance’ for issues with the use of
non-API entry points.
Flavors: r-devel-linux-x86_64-debian-clang, r-devel-linux-x86_64-debian-gcc, r-devel-linux-x86_64-fedora-clang, r-devel-linux-x86_64-fedora-gcc
Version: 1.3.1
Check: compiled code
Result: NOTE
File 'tidygraph/libs/x64/tidygraph.dll':
Found non-API calls to R: 'SETLENGTH', 'SET_GROWABLE_BIT',
'SET_TRUELENGTH'
Compiled code should not call non-API entry points in R.
See 'Writing portable packages' in the 'Writing R Extensions' manual,
and section 'Moving into C API compliance' for issues with the use of
non-API entry points.
Flavor: r-devel-windows-x86_64
These binaries (installable software) and packages are in development.
They may not be fully stable and should be used with caution. We make no claims about them.