Last updated on 2025-10-23 11:50:31 CEST.
Flavor | Version | Tinstall | Tcheck | Ttotal | Status | Flags |
---|---|---|---|---|---|---|
r-devel-linux-x86_64-debian-clang | 1.4.1 | 17.84 | 148.01 | 165.85 | NOTE | |
r-devel-linux-x86_64-debian-gcc | 1.4.1 | 12.22 | 105.17 | 117.39 | OK | |
r-devel-linux-x86_64-fedora-clang | 1.4.1 | 99.00 | 164.26 | 263.26 | OK | |
r-devel-linux-x86_64-fedora-gcc | 1.4.1 | 35.00 | 211.18 | 246.18 | OK | |
r-devel-windows-x86_64 | 1.4.1 | 18.00 | 136.00 | 154.00 | OK | |
r-patched-linux-x86_64 | 1.4.1 | 14.95 | 135.26 | 150.21 | OK | |
r-release-linux-x86_64 | 1.4.1 | 16.41 | 137.39 | 153.80 | OK | |
r-release-macos-arm64 | 1.4.1 | 7.00 | 61.00 | 68.00 | OK | |
r-release-macos-x86_64 | 1.4.1 | 15.00 | 95.00 | 110.00 | OK | |
r-release-windows-x86_64 | 1.4.1 | 18.00 | 137.00 | 155.00 | OK | |
r-oldrel-macos-arm64 | 1.4.1 | 7.00 | 64.00 | 71.00 | OK | |
r-oldrel-macos-x86_64 | 1.4.1 | 14.00 | 109.00 | 123.00 | OK | |
r-oldrel-windows-x86_64 | 1.4.1 | 23.00 | 175.00 | 198.00 | OK |
Version: 1.4.1
Check: HTML version of manual
Result: NOTE
Found the following HTML validation problems:
pkg_deps.html:51:1 (pkg_deps.Rd:13): Warning: missing </ul> before </div>
Flavor: r-devel-linux-x86_64-debian-clang
These binaries (installable software) and packages are in development.
They may not be fully stable and should be used with caution. We make no claims about them.