Last updated on 2025-05-01 15:49:47 CEST.
Flavor | Version | Tinstall | Tcheck | Ttotal | Status | Flags |
---|---|---|---|---|---|---|
r-devel-linux-x86_64-debian-clang | 1.0.0 | 6.95 | 87.30 | 94.25 | NOTE | |
r-devel-linux-x86_64-debian-gcc | 1.0.0 | 5.99 | 62.92 | 68.91 | NOTE | |
r-devel-linux-x86_64-fedora-clang | 1.0.0 | 143.60 | NOTE | |||
r-devel-linux-x86_64-fedora-gcc | 1.0.0 | 134.05 | NOTE | |||
r-devel-windows-x86_64 | 1.0.0 | 11.00 | 97.00 | 108.00 | NOTE | |
r-patched-linux-x86_64 | 1.0.0 | 7.54 | 81.56 | 89.10 | NOTE | |
r-release-linux-x86_64 | NOTE | |||||
r-release-macos-arm64 | 1.0.0 | 41.00 | NOTE | |||
r-release-macos-x86_64 | 1.0.0 | 78.00 | NOTE | |||
r-release-windows-x86_64 | 1.0.0 | 11.00 | 98.00 | 109.00 | NOTE | |
r-oldrel-macos-arm64 | 1.0.0 | 49.00 | OK | |||
r-oldrel-macos-x86_64 | 1.0.0 | 89.00 | OK | |||
r-oldrel-windows-x86_64 | 1.0.0 | 16.00 | 114.00 | 130.00 | OK |
Version: 1.0.0
Check: DESCRIPTION meta-information
Result: NOTE
Missing dependency on R >= 4.1.0 because package code uses the pipe
|> or function shorthand \(...) syntax added in R 4.1.0.
File(s) using such syntax:
‘tidymodl.R’ ‘tidymodl.Rd’
Flavors: r-devel-linux-x86_64-debian-clang, r-devel-linux-x86_64-debian-gcc, r-devel-linux-x86_64-fedora-clang, r-devel-linux-x86_64-fedora-gcc, r-devel-windows-x86_64, r-patched-linux-x86_64, r-release-linux-x86_64, r-release-macos-arm64, r-release-windows-x86_64
Version: 1.0.0
Check: DESCRIPTION meta-information
Result: NOTE
Missing dependency on R >= 4.1.0 because package code uses the pipe
|> or function shorthand \(...) syntax added in R 4.1.0.
File(s) using such syntax:
‘tidymodl.R’
Flavor: r-release-macos-x86_64
These binaries (installable software) and packages are in development.
They may not be fully stable and should be used with caution. We make no claims about them.