CRAN Package Check Results for Package tidymodlr

Last updated on 2025-02-16 08:51:03 CET.

Flavor Version Tinstall Tcheck Ttotal Status Flags
r-devel-linux-x86_64-debian-clang 1.0.0 6.68 80.53 87.21 NOTE
r-devel-linux-x86_64-debian-gcc 1.0.0 4.71 58.39 63.10 NOTE
r-devel-linux-x86_64-fedora-clang 1.0.0 143.48 NOTE
r-devel-linux-x86_64-fedora-gcc 1.0.0 133.91 NOTE
r-devel-macos-arm64 1.0.0 42.00 OK
r-devel-macos-x86_64 1.0.0 78.00 NOTE
r-devel-windows-x86_64 1.0.0 11.00 87.00 98.00 NOTE
r-patched-linux-x86_64 1.0.0 6.63 75.60 82.23 OK
r-release-linux-x86_64 1.0.0 6.22 75.27 81.49 OK
r-release-macos-arm64 1.0.0 49.00 OK
r-release-macos-x86_64 1.0.0 89.00 OK
r-release-windows-x86_64 1.0.0 12.00 91.00 103.00 OK
r-oldrel-macos-arm64 1.0.0 56.00 OK
r-oldrel-macos-x86_64 1.0.0 105.00 OK
r-oldrel-windows-x86_64 1.0.0 14.00 116.00 130.00 OK

Check Details

Version: 1.0.0
Check: DESCRIPTION meta-information
Result: NOTE Missing dependency on R >= 4.1.0 because package code uses the pipe |> or function shorthand \(...) syntax added in R 4.1.0. File(s) using such syntax: ‘tidymodl.R’ Flavors: r-devel-linux-x86_64-debian-clang, r-devel-linux-x86_64-debian-gcc, r-devel-linux-x86_64-fedora-clang, r-devel-linux-x86_64-fedora-gcc, r-devel-macos-x86_64, r-devel-windows-x86_64

These binaries (installable software) and packages are in development.
They may not be fully stable and should be used with caution. We make no claims about them.