Last updated on 2025-11-13 17:50:51 CET.
| Flavor | Version | Tinstall | Tcheck | Ttotal | Status | Flags |
|---|---|---|---|---|---|---|
| r-devel-linux-x86_64-debian-clang | 0.4.0 | 121.92 | 489.24 | 611.16 | OK | |
| r-devel-linux-x86_64-debian-gcc | 0.4.0 | 81.23 | 355.35 | 436.58 | OK | |
| r-devel-linux-x86_64-fedora-clang | 0.4.0 | 261.00 | 649.79 | 910.79 | OK | |
| r-devel-linux-x86_64-fedora-gcc | 0.4.0 | 266.00 | 600.29 | 866.29 | OK | |
| r-devel-windows-x86_64 | 0.4.0 | 187.00 | 455.00 | 642.00 | OK | |
| r-patched-linux-x86_64 | 0.4.0 | 129.11 | 456.60 | 585.71 | OK | |
| r-release-linux-x86_64 | 0.4.0 | 124.74 | 463.55 | 588.29 | OK | |
| r-release-macos-arm64 | 0.4.0 | 43.00 | 189.00 | 232.00 | OK | |
| r-release-macos-x86_64 | 0.4.0 | 102.00 | 598.00 | 700.00 | OK | |
| r-release-windows-x86_64 | 0.4.0 | 189.00 | 460.00 | 649.00 | OK | |
| r-oldrel-macos-arm64 | 0.4.0 | 44.00 | 196.00 | 240.00 | NOTE | |
| r-oldrel-macos-x86_64 | 0.4.0 | 102.00 | 613.00 | 715.00 | NOTE | |
| r-oldrel-windows-x86_64 | 0.4.0 | 233.00 | 607.00 | 840.00 | NOTE |
Version: 0.4.0
Check: package dependencies
Result: NOTE
Packages suggested but not available for checking: 'admixtools', 'LEA'
Flavors: r-oldrel-macos-arm64, r-oldrel-macos-x86_64
Version: 0.4.0
Check: installed package size
Result: NOTE
installed size is 9.3Mb
sub-directories of 1Mb or more:
doc 1.5Mb
extdata 1.2Mb
libs 5.7Mb
Flavors: r-oldrel-macos-arm64, r-oldrel-macos-x86_64, r-oldrel-windows-x86_64
Version: 0.4.0
Check: Rd cross-references
Result: NOTE
Package unavailable to check Rd xrefs: ‘LEA’
Flavors: r-oldrel-macos-arm64, r-oldrel-macos-x86_64
Version: 0.4.0
Check: package dependencies
Result: NOTE
Package suggested but not available for checking: 'admixtools'
Flavor: r-oldrel-windows-x86_64
These binaries (installable software) and packages are in development.
They may not be fully stable and should be used with caution. We make no claims about them.