Last updated on 2025-11-11 15:50:50 CET.
| Flavor | Version | Tinstall | Tcheck | Ttotal | Status | Flags |
|---|---|---|---|---|---|---|
| r-devel-linux-x86_64-debian-clang | 0.2.0 | 104.71 | 69.03 | 173.74 | OK | |
| r-devel-linux-x86_64-debian-gcc | 0.2.0 | 76.52 | 49.77 | 126.29 | OK | |
| r-devel-linux-x86_64-fedora-clang | 0.2.0 | 71.00 | 102.74 | 173.74 | OK | |
| r-devel-linux-x86_64-fedora-gcc | 0.2.0 | 253.00 | 64.88 | 317.88 | OK | |
| r-devel-windows-x86_64 | 0.2.0 | 27.00 | 113.00 | 140.00 | OK | |
| r-patched-linux-x86_64 | 0.2.0 | 113.20 | 64.75 | 177.95 | OK | |
| r-release-linux-x86_64 | 0.2.0 | 105.20 | 64.33 | 169.53 | OK | |
| r-release-macos-arm64 | 0.2.0 | 3.00 | 32.00 | 35.00 | OK | |
| r-release-macos-x86_64 | 0.2.0 | 12.00 | 77.00 | 89.00 | OK | |
| r-release-windows-x86_64 | 0.2.0 | 25.00 | 115.00 | 140.00 | OK | |
| r-oldrel-macos-arm64 | 0.2.0 | 3.00 | 40.00 | 43.00 | OK | |
| r-oldrel-macos-x86_64 | 0.2.0 | 8.00 | 85.00 | 93.00 | OK | |
| r-oldrel-windows-x86_64 | 0.2.0 | 24.00 | 131.00 | 155.00 | ERROR |
Version: 0.2.0
Check: re-building of vignette outputs
Result: ERROR
Error(s) in re-building vignettes:
--- re-building 'creating_prompt_wraps.Rmd' using rmarkdown
--- finished re-building 'creating_prompt_wraps.Rmd'
--- re-building 'getting_started.Rmd' using rmarkdown
File ../man/figures/answer_using_r1-1.png not found in resource path
Error: processing vignette 'getting_started.Rmd' failed with diagnostics:
pandoc document conversion failed with error 99
--- failed re-building 'getting_started.Rmd'
--- re-building 'sentiment_analysis.Rmd' using rmarkdown
File ../man/figures/plot_sentiment_analysis-1.png not found in resource path
Error: processing vignette 'sentiment_analysis.Rmd' failed with diagnostics:
pandoc document conversion failed with error 99
--- failed re-building 'sentiment_analysis.Rmd'
SUMMARY: processing the following files failed:
'getting_started.Rmd' 'sentiment_analysis.Rmd'
Error: Vignette re-building failed.
Execution halted
Flavor: r-oldrel-windows-x86_64
These binaries (installable software) and packages are in development.
They may not be fully stable and should be used with caution. We make no claims about them.