Last updated on 2025-05-01 12:49:43 CEST.
Flavor | Version | Tinstall | Tcheck | Ttotal | Status | Flags |
---|---|---|---|---|---|---|
r-devel-linux-x86_64-debian-clang | 1.0.11 | 11.55 | 110.19 | 121.74 | NOTE | |
r-devel-linux-x86_64-debian-gcc | 1.0.11 | 7.23 | 75.43 | 82.66 | OK | |
r-devel-linux-x86_64-fedora-clang | 1.0.11 | 171.37 | OK | |||
r-devel-linux-x86_64-fedora-gcc | 1.0.11 | 175.07 | OK | |||
r-devel-windows-x86_64 | 1.0.11 | 12.00 | 127.00 | 139.00 | OK | |
r-patched-linux-x86_64 | 1.0.11 | 12.68 | 102.12 | 114.80 | OK | |
r-release-linux-x86_64 | OK | |||||
r-release-macos-arm64 | 1.0.11 | 69.00 | OK | |||
r-release-macos-x86_64 | 1.0.11 | 163.00 | OK | |||
r-release-windows-x86_64 | 1.0.11 | 13.00 | 130.00 | 143.00 | OK | |
r-oldrel-macos-arm64 | 1.0.11 | 77.00 | OK | |||
r-oldrel-macos-x86_64 | 1.0.11 | 132.00 | OK | |||
r-oldrel-windows-x86_64 | 1.0.11 | 16.00 | 154.00 | 170.00 | OK |
Version: 1.0.11
Check: examples
Result: NOTE
Examples with CPU (user + system) or elapsed time > 5s
user system elapsed
coord_x_date 3.648 0.157 5.584
Flavor: r-devel-linux-x86_64-debian-clang
These binaries (installable software) and packages are in development.
They may not be fully stable and should be used with caution. We make no claims about them.