Last updated on 2025-10-23 07:50:03 CEST.
Flavor | Version | Tinstall | Tcheck | Ttotal | Status | Flags |
---|---|---|---|---|---|---|
r-devel-linux-x86_64-debian-clang | 1.3.1 | 14.65 | 154.64 | 169.29 | NOTE | |
r-devel-linux-x86_64-debian-gcc | 1.3.1 | 9.95 | 104.86 | 114.81 | NOTE | |
r-devel-linux-x86_64-fedora-clang | 1.3.1 | 56.00 | 214.57 | 270.57 | NOTE | |
r-devel-linux-x86_64-fedora-gcc | 1.3.1 | 33.00 | 223.85 | 256.85 | NOTE | |
r-devel-windows-x86_64 | 1.3.1 | 21.00 | 164.00 | 185.00 | NOTE | |
r-patched-linux-x86_64 | 1.3.1 | 15.21 | 141.16 | 156.37 | NOTE | |
r-release-linux-x86_64 | 1.3.1 | 16.06 | 141.33 | 157.39 | NOTE | |
r-release-macos-arm64 | 1.3.1 | 7.00 | 76.00 | 83.00 | NOTE | |
r-release-macos-x86_64 | 1.3.1 | 11.00 | 150.00 | 161.00 | NOTE | |
r-release-windows-x86_64 | 1.3.1 | 23.00 | 169.00 | 192.00 | NOTE | |
r-oldrel-macos-arm64 | 1.3.1 | 8.00 | 86.00 | 94.00 | OK | |
r-oldrel-macos-x86_64 | 1.3.1 | 13.00 | 115.00 | 128.00 | OK | |
r-oldrel-windows-x86_64 | 1.3.1 | 26.00 | 206.00 | 232.00 | OK |
Version: 1.3.1
Check: compiled code
Result: NOTE
File ‘tidyr/libs/tidyr.so’:
Found non-API call to R: ‘DATAPTR’
Compiled code should not call non-API entry points in R.
See ‘Writing portable packages’ in the ‘Writing R Extensions’ manual,
and section ‘Moving into C API compliance’ for issues with the use of
non-API entry points.
Flavors: r-devel-linux-x86_64-debian-clang, r-devel-linux-x86_64-debian-gcc, r-devel-linux-x86_64-fedora-clang, r-devel-linux-x86_64-fedora-gcc, r-patched-linux-x86_64, r-release-linux-x86_64, r-release-macos-arm64, r-release-macos-x86_64
Version: 1.3.1
Check: HTML version of manual
Result: NOTE
Found the following HTML validation problems:
deprecated-se.html:247:1 (deprecated-se.Rd:161): Warning: missing </ul> before </div>
extract_numeric.html:46:1 (extract_numeric.Rd:10): Warning: missing </ul> before </div>
unnest_auto.html:69:1 (unnest_auto.Rd:12): Warning: missing </ul> before </div>
Flavor: r-devel-linux-x86_64-debian-clang
Version: 1.3.1
Check: compiled code
Result: NOTE
File 'tidyr/libs/x64/tidyr.dll':
Found non-API call to R: 'DATAPTR'
Compiled code should not call non-API entry points in R.
See 'Writing portable packages' in the 'Writing R Extensions' manual,
and section 'Moving into C API compliance' for issues with the use of
non-API entry points.
Flavors: r-devel-windows-x86_64, r-release-windows-x86_64
These binaries (installable software) and packages are in development.
They may not be fully stable and should be used with caution. We make no claims about them.