Last updated on 2025-05-01 12:49:43 CEST.
Flavor | Version | Tinstall | Tcheck | Ttotal | Status | Flags |
---|---|---|---|---|---|---|
r-devel-linux-x86_64-debian-clang | 0.2.7 | 8.48 | 180.09 | 188.57 | NOTE | |
r-devel-linux-x86_64-debian-gcc | 0.2.7 | 6.63 | 139.37 | 146.00 | OK | |
r-devel-linux-x86_64-fedora-clang | 0.2.7 | 301.96 | OK | |||
r-devel-linux-x86_64-fedora-gcc | 0.2.7 | 300.53 | OK | |||
r-devel-windows-x86_64 | 0.2.7 | 10.00 | 147.00 | 157.00 | OK | |
r-patched-linux-x86_64 | 0.2.7 | 9.36 | 219.08 | 228.44 | OK | |
r-release-linux-x86_64 | OK | |||||
r-release-macos-arm64 | 0.2.7 | 74.00 | OK | |||
r-release-macos-x86_64 | 0.2.7 | 122.00 | OK | |||
r-release-windows-x86_64 | 0.2.7 | 10.00 | 154.00 | 164.00 | OK | |
r-oldrel-macos-arm64 | 0.2.7 | 68.00 | OK | |||
r-oldrel-macos-x86_64 | 0.2.7 | 188.00 | OK | |||
r-oldrel-windows-x86_64 | 0.2.7 | 13.00 | 179.00 | 192.00 | OK |
Version: 0.2.7
Check: examples
Result: NOTE
Examples with CPU (user + system) or elapsed time > 5s
user system elapsed
reorder.rulelist 20.486 0.700 11.625
prune.rulelist 11.044 0.377 7.249
calculate.rulelist 6.455 0.252 3.822
augment.rulelist 5.122 0.221 3.250
Flavor: r-devel-linux-x86_64-debian-clang
Version: 0.2.7
Check: examples
Result: NA
user system elapsed
reorder.rulelist 20.775 0.148 19.230
prune.rulelist 9.396 0.092 7.380
calculate.rulelist 6.553 0.115 6.404
OK
Flavor: r-devel-linux-x86_64-debian-gcc
These binaries (installable software) and packages are in development.
They may not be fully stable and should be used with caution. We make no claims about them.