Last updated on 2025-10-23 11:50:31 CEST.
Flavor | Version | Tinstall | Tcheck | Ttotal | Status | Flags |
---|---|---|---|---|---|---|
r-devel-linux-x86_64-debian-clang | 0.1.0 | 16.40 | 233.12 | 249.52 | OK | |
r-devel-linux-x86_64-debian-gcc | 0.1.0 | 12.16 | 169.12 | 181.28 | OK | |
r-devel-linux-x86_64-fedora-clang | 0.1.0 | 60.00 | 306.44 | 366.44 | OK | |
r-devel-linux-x86_64-fedora-gcc | 0.1.0 | 35.00 | 315.76 | 350.76 | OK | |
r-devel-windows-x86_64 | 0.1.0 | 19.00 | 170.00 | 189.00 | OK | |
r-patched-linux-x86_64 | 0.1.0 | 17.21 | 222.44 | 239.65 | OK | |
r-release-linux-x86_64 | 0.1.0 | 18.49 | 220.95 | 239.44 | OK | |
r-release-macos-arm64 | 0.1.0 | 8.00 | 83.00 | 91.00 | OK | |
r-release-macos-x86_64 | 0.1.0 | 18.00 | 141.00 | 159.00 | OK | |
r-release-windows-x86_64 | 0.1.0 | 19.00 | 167.00 | 186.00 | OK | |
r-oldrel-macos-arm64 | 0.1.0 | 8.00 | 78.00 | 86.00 | NOTE | |
r-oldrel-macos-x86_64 | 0.1.0 | 22.00 | 177.00 | 199.00 | NOTE | |
r-oldrel-windows-x86_64 | 0.1.0 | 26.00 | 218.00 | 244.00 | NOTE |
Version: 0.1.0
Check: installed package size
Result: NOTE
installed size is 6.2Mb
sub-directories of 1Mb or more:
doc 5.4Mb
Flavors: r-oldrel-macos-arm64, r-oldrel-macos-x86_64, r-oldrel-windows-x86_64
These binaries (installable software) and packages are in development.
They may not be fully stable and should be used with caution. We make no claims about them.